{"id":13084,"date":"2012-11-05T16:06:46","date_gmt":"2012-11-05T19:06:46","guid":{"rendered":"https:\/\/www.exitmusic.com.ar\/news\/?page_id=13084"},"modified":"2022-03-04T18:03:34","modified_gmt":"2022-03-04T21:03:34","slug":"el-album-mecanico-de-atoms-for-peace-thom-yorke-en-rollingstone-us","status":"publish","type":"page","link":"https:\/\/www.exitmusic.com.ar\/news\/prensatraducciones\/el-album-mecanico-de-atoms-for-peace-thom-yorke-en-rollingstone-us\/","title":{"rendered":"El \u00e1lbum mec\u00e1nico de Atoms for Peace &#8211; Thom Yorke en RollingStone US"},"content":{"rendered":"<p>El pasado mes de Septiembre, Thom cedi\u00f3 en Nueva York una &nbsp;entrevista a la <a href=\"http:\/\/www.rollingstone.com\/music\/blogs\/alternate-take\/q-a-thom-yorke-on-atoms-for-peaces-mechanistic-new-album-20121105\">edici\u00f3n americana de RollingStone<\/a>, acerca de&nbsp;<em>Atoms for Peace<\/em> y su inminente debut discogr\u00e1fico. Acompa\u00f1ado por Nigel Godrich y Joey Waronker, Thom confes\u00f3 que una de las cosas que m\u00e1s lo emocionaban acerca del proyecto era terminar con un \u00e1lbum en el que no se distinguiera bien d\u00f3nde terminaba lo electr\u00f3nico y d\u00f3nde empezaba lo humano.<\/p>\n\n\n\n<p>Hacia el final de la conversaci\u00f3n, el tema se vuelve sobre el proceso de composici\u00f3n del \u00e1lbum. \u00abSon canciones\u00bb, dice Godrich sobre las 9 canciones, que incluyen \u00abBefore your Very Eyes&#8230;\u00bb con din\u00e1micas africanas l\u00edquidas, la escalofriante y propulsora \u00abDropped\u00bb y \u00abStuck Together Pieces\u00bb, con su funk espacial, cantos y golpes metalizados.<\/p>\n\n\n\n<p>\u00abPero siempre tienes que darle a la gente algo que se mueve\u00bb, contin\u00faa Godrich. \u00abEs la eterna batalla con Thom. Siempre que quiere hacer un \u00e1lbum bailable pero tiene que cantar o a nadie le importar\u00e1. Thom, desde el otro extremo del sal\u00f3n, se muere de risa.<\/p>\n\n\n\n<p>\u00abEsto es lo que puede ceder\u00bb, dice Godrich acerca del \u00e1lbum de Atoms for Peace. \u00abPero los mejores temas que me gusta bailar tienen al menos una idea de voces\u00bb, insiste Thom. \u00abNo existe, a mi parecer, un buen tema sin voces\u00bb.<\/p>\n\n\n\n<p><strong>&#8211; Hicieron esos ensayos para el tour para aprender a tocar los temas de <em><a href=\"https:\/\/www.exitmusic.com.ar\/discografia\/theeraser\/\">The Eraser<\/a><\/em> en vivo. Seguramente sonaba a algo mucho m\u00e1s grande, desde ese momento.<\/strong><br>Hab\u00eda una buena din\u00e1mica entre nosotros &#8211; buena onda. Pero lo curioso es que la m\u00fasica que hago en mi laptop es muy angular. Y cuando tienes un mont\u00f3n de gente toc\u00e1ndola as\u00ed, es muy particular. T\u00e9cnicamente, pueden tocar la mayor\u00eda del material, pero hab\u00eda momentos en los que usamos sonidos electr\u00f3nicos porque eran m\u00e1s fr\u00e1giles, m\u00e1s emocionantes.<\/p>\n\n\n<div id=\"ads_page\"><!-- wpPagead_2 -->\n\t<amp-ad width=\"100vw\" height=\"320\"\n\t\t type=\"adsense\"\n\t\t data-ad-client=\"ca-pub-1186082079292141\"\n\t\t data-ad-slot=\"6487197087\"\n\t\t data-auto-format=\"rspv\"\n\t\t data-full-width=\"\">\n\t  <div overflow=\"\"><\/div>\n\t<\/amp-ad>\n\t<\/div>\n\n\n\n<p><strong>&#8211; Respecto al material \u00bfQu\u00e9 ten\u00edan cuando entraron al estudio en Los \u00c1ngeles?<\/strong><br>Nada<\/p>\n\n\n\n<p><strong>&#8211; \u00bfCon qu\u00e9 salieron?<\/strong><br>Una enorme pila (risas). Fue una locura. Entr\u00e1bamos al mediod\u00eda y trabajamos casi sin parar hasta las 10. Toc\u00e1bamos todo el tiempo. Era una locura. Nos deten\u00edamos para cambiar el ritmo. Joey y Mauro anotaban el ritmo usando alg\u00fan tipo de notaci\u00f3n extra\u00f1a y luego segu\u00edamos por una hora m\u00e1s.<\/p>\n\n\n\n<p><strong>&#8211; \u00bfCu\u00e1l era tu rol? Especialmente con m\u00fasicos muy t\u00e9cnicos y experimentados como Flea<\/strong><br>Definitivamente conducir. Nigel y yo dec\u00edamos <em>\u00abEso es bueno! Eso no es bueno!\u00bb<\/em> (sonrisa) Se trataba de conseguir sonidos interesantes. La primera vez que nos reunimos, fue en la casa de Flea. Nos emborrachamos, jugamos al pool y escuchamos a Fela Kuti toda la noche. La idea era entrar en una especie de trance. Pero todav\u00eda quedan canciones.<\/p>\n\n\n\n<p><strong>&#8211; \u00bfC\u00f3mo decidiste entre los sonidos en vivo y los programados en los shows en vivo al ir armando las canciones? \u00bfPodr\u00edas dar un ejemplo?<\/strong><br><a href=\"https:\/\/www.exitmusic.com.ar\/letras\/default.php\">\u00abDefault\u00bb<\/a> comenz\u00f3 como un peque\u00f1o error en el sampler en mi estudio [haciendo ruidos como de tel\u00e9grafo]. No lo hab\u00eda configurado bien. Me daba un tono que, al ponerlo con la melod\u00eda, sonaba bien. Me pasaba cuando estaba Nigel y yo estabamos haciendo <em>The Eraser<\/em>.<br>Pero entonces, en alg\u00fan punto, Nigel dijo que necesitaba m\u00e1s material y me pregunt\u00f3 qu\u00e9 ten\u00eda. \u00abProbemos eso\u00bb, pens\u00e9. Literalmente, lo tocamos con la banda. Luego le pregunt\u00e9 a Flea si pod\u00eda ponerlo en papel. Fue extremadamente complicado, todo en segmentos extra\u00f1os. Era factible de ser tocado f\u00edsicamente, pero no sonaba exactamente como la m\u00e1quina. Es una de esas cosas que si quieres que salga bien en vivo, ser\u00eda una locura.<\/p>\n\n\n\n<p><strong>&#8211; \u00bfEn qu\u00e9 medida determin\u00f3 la m\u00fasica la base de las letras en temas como \u00abReverse Running\u00bb&nbsp;y \u00abJudge, Jury and Executioner\u00bb?<\/strong><br><a href=\"https:\/\/www.exitmusic.com.ar\/letras\/judgejuryandexecutioner.php\">\u00abJudge, Jury and Executioner\u00bb<\/a> fue curioso, porque el ritmo es bastante inusual. La frase simplemente sali\u00f3 cuando estaba tocando la canci\u00f3n en la guitarra. Era como una llave, que abr\u00eda la puerta a todas estas otras cosas extra\u00f1as que suced\u00edan y de las que estaba desesperado por salir.<br>\u00abJudge, Jury and Executioner\u00bb es bastante furiosa. <a href=\"https:\/\/www.exitmusic.com.ar\/letras\/reverserunning.php\">\u00abReverse Running\u00bb<\/a> tiene una desesperaci\u00f3n extra\u00f1a. Es un lugar mental, m\u00e1s que un relato. Me encantar\u00eda poder hacer relatos, pero no lo puedo hacer.<\/p>\n\n\n\n<p><strong>&#8211; \u00bfSaldr\u00e1n de gira nuevamente con \u00abAtoms for Peace\u00bb luego del lanzamiento del \u00e1lbum?<\/strong><br>Espero que si, todos queremos hacerlo.<\/p>\n\n\n\n<p><strong>&#8211; Ir\u00f3nicamente, debido a la mezcla de sonidos electr\u00f3nicos y en vivo en los shows, deber\u00e1n volver a aprender los temas con la banda.<\/strong><br>Si. [risas]. Es algo muy loco. Todo el tiempo pienso \u00abmmmmh, esto es muy humano. Podemos hacerlo m\u00e1s mec\u00e1nico?\u00bb Pero aunque trato de resistir la tentaci\u00f3n, realmente quiero pensar \u00abesto es el comienzo de algo\u00bb.<\/p>\n\n\n\n<p>Y esto sali\u00f3 luego de 3 d\u00edas en el estudio. Dios nos ayude si hubi\u00e9ramos estado una semana.<\/p>","protected":false},"excerpt":{"rendered":"<p>El pasado mes de Septiembre, Thom cedi\u00f3 en Nueva York una &nbsp;entrevista a la edici\u00f3n americana de RollingStone, acerca de&nbsp;Atoms for Peace y su inminente debut discogr\u00e1fico. Acompa\u00f1ado por Nigel Godrich y Joey Waronker, Thom&hellip; <a href=\"https:\/\/www.exitmusic.com.ar\/news\/prensatraducciones\/el-album-mecanico-de-atoms-for-peace-thom-yorke-en-rollingstone-us\/\" class=\"morelink\"> m\u00e1s \u00bb<\/a><\/p>","protected":false},"author":2,"featured_media":6594,"parent":7671,"menu_order":0,"comment_status":"open","ping_status":"closed","template":"","meta":{"footnotes":""},"categories":[1072,1380],"tags":[1186,23,1178,1176],"class_list":["post-13084","page","type-page","status-publish","has-post-thumbnail","hentry","category-atoms-for-peace","category-thom-yorke","tag-atoms-for-peace","tag-entrevista","tag-nigel-godrich","tag-thom-yorke"],"yoast_head":"<!-- This site is optimized with the Yoast SEO plugin v27.5 - https:\/\/yoast.com\/product\/yoast-seo-wordpress\/ -->\n<title>El \u00e1lbum mec\u00e1nico de Atoms for Peace - Thom Yorke en RollingStone US &#8211; ExitMusicAr | Radiohead Argentina - \u00faltimas noticias<\/title>\n<meta name=\"description\" content=\"Thom Yorke y Nigel Godrich conversaron con la edici\u00f3n americana de RollingStone sobre el proyecto Atoms for Peace\" \/>\n<meta name=\"robots\" content=\"index, follow, max-snippet:-1, max-image-preview:large, max-video-preview:-1\" \/>\n<link rel=\"canonical\" href=\"https:\/\/www.exitmusic.com.ar\/news\/prensatraducciones\/el-album-mecanico-de-atoms-for-peace-thom-yorke-en-rollingstone-us\/\" \/>\n<meta property=\"og:locale\" content=\"es_ES\" \/>\n<meta property=\"og:type\" content=\"article\" \/>\n<meta property=\"og:title\" content=\"El \u00e1lbum mec\u00e1nico de Atoms for Peace - Thom Yorke en RollingStone US &#8211; ExitMusicAr | Radiohead Argentina - \u00faltimas noticias\" \/>\n<meta property=\"og:description\" content=\"Thom Yorke y Nigel Godrich conversaron con la edici\u00f3n americana de RollingStone sobre el proyecto Atoms for Peace\" \/>\n<meta property=\"og:url\" content=\"https:\/\/www.exitmusic.com.ar\/news\/prensatraducciones\/el-album-mecanico-de-atoms-for-peace-thom-yorke-en-rollingstone-us\/\" \/>\n<meta property=\"og:site_name\" content=\"ExitMusicAr | Radiohead Argentina - \u00faltimas noticias\" \/>\n<meta property=\"article:publisher\" content=\"https:\/\/www.facebook.com\/ExitMusicAr\" \/>\n<meta property=\"article:modified_time\" content=\"2022-03-04T21:03:34+00:00\" \/>\n<meta property=\"og:image\" content=\"https:\/\/www.exitmusic.com.ar\/news\/wp-content\/uploads\/2012\/11\/img_6740.jpg\" \/>\n\t<meta property=\"og:image:width\" content=\"600\" \/>\n\t<meta property=\"og:image:height\" content=\"400\" \/>\n\t<meta property=\"og:image:type\" content=\"image\/jpeg\" \/>\n<meta name=\"twitter:card\" content=\"summary_large_image\" \/>\n<meta name=\"twitter:site\" content=\"@ExitMusicAr\" \/>\n<meta name=\"twitter:label1\" content=\"Tiempo de lectura\" \/>\n\t<meta name=\"twitter:data1\" content=\"4 minutos\" \/>\n<script type=\"application\/ld+json\" class=\"yoast-schema-graph\">{\"@context\":\"https:\\\/\\\/schema.org\",\"@graph\":[{\"@type\":\"NewsArticle\",\"@id\":\"https:\\\/\\\/www.exitmusic.com.ar\\\/news\\\/prensatraducciones\\\/el-album-mecanico-de-atoms-for-peace-thom-yorke-en-rollingstone-us\\\/#article\",\"isPartOf\":{\"@id\":\"https:\\\/\\\/www.exitmusic.com.ar\\\/news\\\/prensatraducciones\\\/el-album-mecanico-de-atoms-for-peace-thom-yorke-en-rollingstone-us\\\/\"},\"author\":{\"name\":\"britbomber\",\"@id\":\"https:\\\/\\\/www.exitmusic.com.ar\\\/news\\\/#\\\/schema\\\/person\\\/5b17484c1a134bd78759c85b056b2e9a\"},\"headline\":\"El \u00e1lbum mec\u00e1nico de Atoms for Peace &#8211; Thom Yorke en RollingStone US\",\"datePublished\":\"2012-11-05T19:06:46+00:00\",\"dateModified\":\"2022-03-04T21:03:34+00:00\",\"mainEntityOfPage\":{\"@id\":\"https:\\\/\\\/www.exitmusic.com.ar\\\/news\\\/prensatraducciones\\\/el-album-mecanico-de-atoms-for-peace-thom-yorke-en-rollingstone-us\\\/\"},\"wordCount\":863,\"commentCount\":0,\"image\":{\"@id\":\"https:\\\/\\\/www.exitmusic.com.ar\\\/news\\\/prensatraducciones\\\/el-album-mecanico-de-atoms-for-peace-thom-yorke-en-rollingstone-us\\\/#primaryimage\"},\"thumbnailUrl\":\"https:\\\/\\\/www.exitmusic.com.ar\\\/news\\\/wp-content\\\/uploads\\\/2012\\\/11\\\/img_6740.jpg\",\"keywords\":[\"atoms for peace\",\"entrevista\",\"nigel godrich\",\"thom yorke\"],\"articleSection\":[\"Atoms for Peace\",\"Thom Yorke\"],\"inLanguage\":\"es\",\"potentialAction\":[{\"@type\":\"CommentAction\",\"name\":\"Comment\",\"target\":[\"https:\\\/\\\/www.exitmusic.com.ar\\\/news\\\/prensatraducciones\\\/el-album-mecanico-de-atoms-for-peace-thom-yorke-en-rollingstone-us\\\/#respond\"]}]},{\"@type\":[\"WebPage\",\"ItemPage\"],\"@id\":\"https:\\\/\\\/www.exitmusic.com.ar\\\/news\\\/prensatraducciones\\\/el-album-mecanico-de-atoms-for-peace-thom-yorke-en-rollingstone-us\\\/\",\"url\":\"https:\\\/\\\/www.exitmusic.com.ar\\\/news\\\/prensatraducciones\\\/el-album-mecanico-de-atoms-for-peace-thom-yorke-en-rollingstone-us\\\/\",\"name\":\"El \u00e1lbum mec\u00e1nico de Atoms for Peace - Thom Yorke en RollingStone US &#8211; ExitMusicAr | Radiohead Argentina - \u00faltimas noticias\",\"isPartOf\":{\"@id\":\"https:\\\/\\\/www.exitmusic.com.ar\\\/news\\\/#website\"},\"primaryImageOfPage\":{\"@id\":\"https:\\\/\\\/www.exitmusic.com.ar\\\/news\\\/prensatraducciones\\\/el-album-mecanico-de-atoms-for-peace-thom-yorke-en-rollingstone-us\\\/#primaryimage\"},\"image\":{\"@id\":\"https:\\\/\\\/www.exitmusic.com.ar\\\/news\\\/prensatraducciones\\\/el-album-mecanico-de-atoms-for-peace-thom-yorke-en-rollingstone-us\\\/#primaryimage\"},\"thumbnailUrl\":\"https:\\\/\\\/www.exitmusic.com.ar\\\/news\\\/wp-content\\\/uploads\\\/2012\\\/11\\\/img_6740.jpg\",\"datePublished\":\"2012-11-05T19:06:46+00:00\",\"dateModified\":\"2022-03-04T21:03:34+00:00\",\"description\":\"Thom Yorke y Nigel Godrich conversaron con la edici\u00f3n americana de RollingStone sobre el proyecto Atoms for Peace\",\"breadcrumb\":{\"@id\":\"https:\\\/\\\/www.exitmusic.com.ar\\\/news\\\/prensatraducciones\\\/el-album-mecanico-de-atoms-for-peace-thom-yorke-en-rollingstone-us\\\/#breadcrumb\"},\"inLanguage\":\"es\",\"potentialAction\":[{\"@type\":\"ReadAction\",\"target\":[\"https:\\\/\\\/www.exitmusic.com.ar\\\/news\\\/prensatraducciones\\\/el-album-mecanico-de-atoms-for-peace-thom-yorke-en-rollingstone-us\\\/\"]}]},{\"@type\":\"ImageObject\",\"inLanguage\":\"es\",\"@id\":\"https:\\\/\\\/www.exitmusic.com.ar\\\/news\\\/prensatraducciones\\\/el-album-mecanico-de-atoms-for-peace-thom-yorke-en-rollingstone-us\\\/#primaryimage\",\"url\":\"https:\\\/\\\/www.exitmusic.com.ar\\\/news\\\/wp-content\\\/uploads\\\/2012\\\/11\\\/img_6740.jpg\",\"contentUrl\":\"https:\\\/\\\/www.exitmusic.com.ar\\\/news\\\/wp-content\\\/uploads\\\/2012\\\/11\\\/img_6740.jpg\",\"width\":\"600\",\"height\":\"400\"},{\"@type\":\"BreadcrumbList\",\"@id\":\"https:\\\/\\\/www.exitmusic.com.ar\\\/news\\\/prensatraducciones\\\/el-album-mecanico-de-atoms-for-peace-thom-yorke-en-rollingstone-us\\\/#breadcrumb\",\"itemListElement\":[{\"@type\":\"ListItem\",\"position\":1,\"name\":\"Inicio\",\"item\":\"https:\\\/\\\/www.exitmusic.com.ar\\\/news\\\/\"},{\"@type\":\"ListItem\",\"position\":2,\"name\":\"Prensa\\\/Traducciones\",\"item\":\"https:\\\/\\\/www.exitmusic.com.ar\\\/news\\\/prensatraducciones\\\/\"},{\"@type\":\"ListItem\",\"position\":3,\"name\":\"El \u00e1lbum mec\u00e1nico de Atoms for Peace &#8211; Thom Yorke en RollingStone US\"}]},{\"@type\":\"WebSite\",\"@id\":\"https:\\\/\\\/www.exitmusic.com.ar\\\/news\\\/#website\",\"url\":\"https:\\\/\\\/www.exitmusic.com.ar\\\/news\\\/\",\"name\":\"ExitMusicAr | Radiohead Argentina\",\"description\":\"Noticias e informaci\u00f3n sobre Radiohead, EOB, Philip Selway, Jonny Greenwood, Thom Yorke, Atoms for Peace y The Smile\",\"potentialAction\":[{\"@type\":\"SearchAction\",\"target\":{\"@type\":\"EntryPoint\",\"urlTemplate\":\"https:\\\/\\\/www.exitmusic.com.ar\\\/news\\\/?s={search_term_string}\"},\"query-input\":{\"@type\":\"PropertyValueSpecification\",\"valueRequired\":true,\"valueName\":\"search_term_string\"}}],\"inLanguage\":\"es\"},{\"@type\":\"Person\",\"@id\":\"https:\\\/\\\/www.exitmusic.com.ar\\\/news\\\/#\\\/schema\\\/person\\\/5b17484c1a134bd78759c85b056b2e9a\",\"name\":\"britbomber\",\"image\":{\"@type\":\"ImageObject\",\"inLanguage\":\"es\",\"@id\":\"https:\\\/\\\/secure.gravatar.com\\\/avatar\\\/7aa60245619700190832ac995e42108bfadba25baafc3bf5bb91e97db0e7a0bd?s=96&d=identicon&r=r\",\"url\":\"https:\\\/\\\/secure.gravatar.com\\\/avatar\\\/7aa60245619700190832ac995e42108bfadba25baafc3bf5bb91e97db0e7a0bd?s=96&d=identicon&r=r\",\"contentUrl\":\"https:\\\/\\\/secure.gravatar.com\\\/avatar\\\/7aa60245619700190832ac995e42108bfadba25baafc3bf5bb91e97db0e7a0bd?s=96&d=identicon&r=r\",\"caption\":\"britbomber\"}}]}<\/script>\n<!-- \/ Yoast SEO plugin. -->","yoast_head_json":{"title":"El \u00e1lbum mec\u00e1nico de Atoms for Peace - Thom Yorke en RollingStone US &#8211; ExitMusicAr | Radiohead Argentina - \u00faltimas noticias","description":"Thom Yorke y Nigel Godrich conversaron con la edici\u00f3n americana de RollingStone sobre el proyecto Atoms for Peace","robots":{"index":"index","follow":"follow","max-snippet":"max-snippet:-1","max-image-preview":"max-image-preview:large","max-video-preview":"max-video-preview:-1"},"canonical":"https:\/\/www.exitmusic.com.ar\/news\/prensatraducciones\/el-album-mecanico-de-atoms-for-peace-thom-yorke-en-rollingstone-us\/","og_locale":"es_ES","og_type":"article","og_title":"El \u00e1lbum mec\u00e1nico de Atoms for Peace - Thom Yorke en RollingStone US &#8211; ExitMusicAr | Radiohead Argentina - \u00faltimas noticias","og_description":"Thom Yorke y Nigel Godrich conversaron con la edici\u00f3n americana de RollingStone sobre el proyecto Atoms for Peace","og_url":"https:\/\/www.exitmusic.com.ar\/news\/prensatraducciones\/el-album-mecanico-de-atoms-for-peace-thom-yorke-en-rollingstone-us\/","og_site_name":"ExitMusicAr | Radiohead Argentina - \u00faltimas noticias","article_publisher":"https:\/\/www.facebook.com\/ExitMusicAr","article_modified_time":"2022-03-04T21:03:34+00:00","og_image":[{"width":600,"height":400,"url":"https:\/\/www.exitmusic.com.ar\/news\/wp-content\/uploads\/2012\/11\/img_6740.jpg","type":"image\/jpeg"}],"twitter_card":"summary_large_image","twitter_site":"@ExitMusicAr","twitter_misc":{"Tiempo de lectura":"4 minutos"},"schema":{"@context":"https:\/\/schema.org","@graph":[{"@type":"NewsArticle","@id":"https:\/\/www.exitmusic.com.ar\/news\/prensatraducciones\/el-album-mecanico-de-atoms-for-peace-thom-yorke-en-rollingstone-us\/#article","isPartOf":{"@id":"https:\/\/www.exitmusic.com.ar\/news\/prensatraducciones\/el-album-mecanico-de-atoms-for-peace-thom-yorke-en-rollingstone-us\/"},"author":{"name":"britbomber","@id":"https:\/\/www.exitmusic.com.ar\/news\/#\/schema\/person\/5b17484c1a134bd78759c85b056b2e9a"},"headline":"El \u00e1lbum mec\u00e1nico de Atoms for Peace &#8211; Thom Yorke en RollingStone US","datePublished":"2012-11-05T19:06:46+00:00","dateModified":"2022-03-04T21:03:34+00:00","mainEntityOfPage":{"@id":"https:\/\/www.exitmusic.com.ar\/news\/prensatraducciones\/el-album-mecanico-de-atoms-for-peace-thom-yorke-en-rollingstone-us\/"},"wordCount":863,"commentCount":0,"image":{"@id":"https:\/\/www.exitmusic.com.ar\/news\/prensatraducciones\/el-album-mecanico-de-atoms-for-peace-thom-yorke-en-rollingstone-us\/#primaryimage"},"thumbnailUrl":"https:\/\/www.exitmusic.com.ar\/news\/wp-content\/uploads\/2012\/11\/img_6740.jpg","keywords":["atoms for peace","entrevista","nigel godrich","thom yorke"],"articleSection":["Atoms for Peace","Thom Yorke"],"inLanguage":"es","potentialAction":[{"@type":"CommentAction","name":"Comment","target":["https:\/\/www.exitmusic.com.ar\/news\/prensatraducciones\/el-album-mecanico-de-atoms-for-peace-thom-yorke-en-rollingstone-us\/#respond"]}]},{"@type":["WebPage","ItemPage"],"@id":"https:\/\/www.exitmusic.com.ar\/news\/prensatraducciones\/el-album-mecanico-de-atoms-for-peace-thom-yorke-en-rollingstone-us\/","url":"https:\/\/www.exitmusic.com.ar\/news\/prensatraducciones\/el-album-mecanico-de-atoms-for-peace-thom-yorke-en-rollingstone-us\/","name":"El \u00e1lbum mec\u00e1nico de Atoms for Peace - Thom Yorke en RollingStone US &#8211; ExitMusicAr | Radiohead Argentina - \u00faltimas noticias","isPartOf":{"@id":"https:\/\/www.exitmusic.com.ar\/news\/#website"},"primaryImageOfPage":{"@id":"https:\/\/www.exitmusic.com.ar\/news\/prensatraducciones\/el-album-mecanico-de-atoms-for-peace-thom-yorke-en-rollingstone-us\/#primaryimage"},"image":{"@id":"https:\/\/www.exitmusic.com.ar\/news\/prensatraducciones\/el-album-mecanico-de-atoms-for-peace-thom-yorke-en-rollingstone-us\/#primaryimage"},"thumbnailUrl":"https:\/\/www.exitmusic.com.ar\/news\/wp-content\/uploads\/2012\/11\/img_6740.jpg","datePublished":"2012-11-05T19:06:46+00:00","dateModified":"2022-03-04T21:03:34+00:00","description":"Thom Yorke y Nigel Godrich conversaron con la edici\u00f3n americana de RollingStone sobre el proyecto Atoms for Peace","breadcrumb":{"@id":"https:\/\/www.exitmusic.com.ar\/news\/prensatraducciones\/el-album-mecanico-de-atoms-for-peace-thom-yorke-en-rollingstone-us\/#breadcrumb"},"inLanguage":"es","potentialAction":[{"@type":"ReadAction","target":["https:\/\/www.exitmusic.com.ar\/news\/prensatraducciones\/el-album-mecanico-de-atoms-for-peace-thom-yorke-en-rollingstone-us\/"]}]},{"@type":"ImageObject","inLanguage":"es","@id":"https:\/\/www.exitmusic.com.ar\/news\/prensatraducciones\/el-album-mecanico-de-atoms-for-peace-thom-yorke-en-rollingstone-us\/#primaryimage","url":"https:\/\/www.exitmusic.com.ar\/news\/wp-content\/uploads\/2012\/11\/img_6740.jpg","contentUrl":"https:\/\/www.exitmusic.com.ar\/news\/wp-content\/uploads\/2012\/11\/img_6740.jpg","width":"600","height":"400"},{"@type":"BreadcrumbList","@id":"https:\/\/www.exitmusic.com.ar\/news\/prensatraducciones\/el-album-mecanico-de-atoms-for-peace-thom-yorke-en-rollingstone-us\/#breadcrumb","itemListElement":[{"@type":"ListItem","position":1,"name":"Inicio","item":"https:\/\/www.exitmusic.com.ar\/news\/"},{"@type":"ListItem","position":2,"name":"Prensa\/Traducciones","item":"https:\/\/www.exitmusic.com.ar\/news\/prensatraducciones\/"},{"@type":"ListItem","position":3,"name":"El \u00e1lbum mec\u00e1nico de Atoms for Peace &#8211; Thom Yorke en RollingStone US"}]},{"@type":"WebSite","@id":"https:\/\/www.exitmusic.com.ar\/news\/#website","url":"https:\/\/www.exitmusic.com.ar\/news\/","name":"ExitMusicAr | Radiohead Argentina","description":"Noticias e informaci\u00f3n sobre Radiohead, EOB, Philip Selway, Jonny Greenwood, Thom Yorke, Atoms for Peace y The Smile","potentialAction":[{"@type":"SearchAction","target":{"@type":"EntryPoint","urlTemplate":"https:\/\/www.exitmusic.com.ar\/news\/?s={search_term_string}"},"query-input":{"@type":"PropertyValueSpecification","valueRequired":true,"valueName":"search_term_string"}}],"inLanguage":"es"},{"@type":"Person","@id":"https:\/\/www.exitmusic.com.ar\/news\/#\/schema\/person\/5b17484c1a134bd78759c85b056b2e9a","name":"britbomber","image":{"@type":"ImageObject","inLanguage":"es","@id":"https:\/\/secure.gravatar.com\/avatar\/7aa60245619700190832ac995e42108bfadba25baafc3bf5bb91e97db0e7a0bd?s=96&d=identicon&r=r","url":"https:\/\/secure.gravatar.com\/avatar\/7aa60245619700190832ac995e42108bfadba25baafc3bf5bb91e97db0e7a0bd?s=96&d=identicon&r=r","contentUrl":"https:\/\/secure.gravatar.com\/avatar\/7aa60245619700190832ac995e42108bfadba25baafc3bf5bb91e97db0e7a0bd?s=96&d=identicon&r=r","caption":"britbomber"}}]}},"amp_enabled":true,"_links":{"self":[{"href":"https:\/\/www.exitmusic.com.ar\/news\/wp-json\/wp\/v2\/pages\/13084","targetHints":{"allow":["GET"]}}],"collection":[{"href":"https:\/\/www.exitmusic.com.ar\/news\/wp-json\/wp\/v2\/pages"}],"about":[{"href":"https:\/\/www.exitmusic.com.ar\/news\/wp-json\/wp\/v2\/types\/page"}],"author":[{"embeddable":true,"href":"https:\/\/www.exitmusic.com.ar\/news\/wp-json\/wp\/v2\/users\/2"}],"replies":[{"embeddable":true,"href":"https:\/\/www.exitmusic.com.ar\/news\/wp-json\/wp\/v2\/comments?post=13084"}],"version-history":[{"count":0,"href":"https:\/\/www.exitmusic.com.ar\/news\/wp-json\/wp\/v2\/pages\/13084\/revisions"}],"up":[{"embeddable":true,"href":"https:\/\/www.exitmusic.com.ar\/news\/wp-json\/wp\/v2\/pages\/7671"}],"wp:featuredmedia":[{"embeddable":true,"href":"https:\/\/www.exitmusic.com.ar\/news\/wp-json\/wp\/v2\/media\/6594"}],"wp:attachment":[{"href":"https:\/\/www.exitmusic.com.ar\/news\/wp-json\/wp\/v2\/media?parent=13084"}],"wp:term":[{"taxonomy":"category","embeddable":true,"href":"https:\/\/www.exitmusic.com.ar\/news\/wp-json\/wp\/v2\/categories?post=13084"},{"taxonomy":"post_tag","embeddable":true,"href":"https:\/\/www.exitmusic.com.ar\/news\/wp-json\/wp\/v2\/tags?post=13084"}],"curies":[{"name":"wp","href":"https:\/\/api.w.org\/{rel}","templated":true}]}}