{"id":16555,"date":"1993-10-02T11:43:00","date_gmt":"1993-10-02T14:43:00","guid":{"rendered":"https:\/\/www.exitmusic.com.ar\/news\/?page_id=16555"},"modified":"2021-06-25T09:02:55","modified_gmt":"2021-06-25T12:02:55","slug":"la-musica-deprimente-nos-inspira","status":"publish","type":"page","link":"https:\/\/www.exitmusic.com.ar\/news\/prensatraducciones\/la-musica-deprimente-nos-inspira\/","title":{"rendered":"\u00abLa m\u00fasica deprimente nos inspira\u00bb"},"content":{"rendered":"<p>Los c\u00ednicos, perd\u00f3n, cr\u00edticos de rock aman calificar como \u201cone hit wonder\u201d a las bandas cuando tienen oportunidad. El caso m\u00e1s reciente es el de Radiohead, que se encontraron dentro de tal grupo hace poco. Estos proveedores autoproclamados de \u201cm\u00fasica llena de ira para gente llena de ira\u201d no tuvieron ni tiempo de destapar una botella de champa\u00f1a para celebrar el \u00e9xito \u2013 para nada sorprendente \u2013 de su oda al odio por si mismo, <a href=\"https:\/\/www.exitmusic.com.ar\/discografia\/pablohoney\/creep\/\">\u201cCreep\u201d<\/a>, antes de que algunos cr\u00edticos comenzaran a calificarlos como otra afortunada banda nueva que simplemente estuvo en el lugar correcto en el momento indicado.<\/p>\n\n\n\n<p>Y esos mismos cr\u00edticos agregaron sin pausa que pronto pasar\u00edan de moda. Noticias poco alentadoras para una banda que se form\u00f3 (en Oxford) apenas en 1991.<\/p>\n\n\n\n<p>Los miembros de la banda \u2013 Thom E. Yorke (voces, guitarra), Jonny Greenwood (guitarra \u201cagresiva\u201d), Ed O\u2019Brien (guitarra \u201csuave\u201d), Colin Greenwood (bajo) y Phil Selway (bater\u00eda) \u2013 no iban a dejar que eso los afecte. La verdad es que \u201cCreep\u201d no es una canci\u00f3n que no va con el resto del \u00e1lbum, <em><a href=\"https:\/\/www.exitmusic.com.ar\/discografia\/pablohoney\/\">Pablo Honey<\/a><\/em>. Dicho de otra forma, los que compren el \u00e1lbum por el tema no se van a decepcionar o sentir que fueron enga\u00f1ados. Las guitarras disparan, golpean, crujen y chillan llenas de dolor a lo largo de los 12 temas. Lo mejor es que para aquellos que se sintieron identificados con <a href=\"https:\/\/www.exitmusic.com.ar\/letras\/creep.php\">\u201cCreep\u201d<\/a>, la misma sensaci\u00f3n permea todo el \u00e1lbum.<\/p>\n\n\n<div id=\"ads_page\">\n\t<!-- wpPageAd_1 -->\n\t<amp-ad width=\"100vw\" height=\"320\"\n\t\ttype=\"adsense\"\n     \tdata-ad-client=\"ca-pub-1186082079292141\"\n     \tdata-ad-slot=\"6678768770\"\n     \tdata-auto-format=\"rspv\"\n     \tdata-full-width=\"\">\n  \t<div overflow=\"\"><\/div>\n\t<\/amp-ad>\n\t<\/div>\n\n\n\n<p>Un escritor, rese\u00f1ando el show que hicieron con PJ Harvey en el Ritz de New York, les aconsej\u00f3 a la banda que saboreen el momento, porque probablemente ser\u00e1 el \u00fanico. \u00bfTe molestan los comentarios de ese tipo?<br>Thom: [rie] No, quiz\u00e1 tengan raz\u00f3n<\/p>\n\n\n\n<p>\u00bfNo te preocupa que en 20 a\u00f1os, al presentar una nueva canci\u00f3n, haya gente que te pida toques \u201cCreep\u201d?<br>Thom: [carcajada] Creo que me preocupo por todo siempre, sin importar el por qu\u00e9; as\u00ed que me parece que si me preocupo por eso u otra cosa es irrelevante. Supongo que el pensamiento de que nos represente una sola canci\u00f3n si me molesta. Si, me molesta, pero al mismo tiempo me gustar\u00eda seguir con mi vida, gracias. Deber\u00eda ser agradecido.<\/p>\n\n\n\n<p>Mucha gente habr\u00e1 pensado \u201chey, me identifico con esta canci\u00f3n\u201d cuando escucharon \u201cCreep\u201d, y te escucharon cantar cosas como \u201csoy un bastardo, soy un bicho raro\u201d. \u00bfQu\u00e9 tipo de cartas recibieron?<br>Ed: Obviamente, las letras son personales para Thom, pero tambi\u00e9n aplican a casi cualquiera. Mucha gente nos escribi\u00f3. Es sorprendente la cantidad de cartas que recibimos de gente diciendo \u201coh, dios, es mi canci\u00f3n. Estoy seguro de que la escribieron para mi\u201d.<\/p>\n\n\n\n<p>\u00a1Cuanta vanidad!<br>Ed: es algo lindo, porque muchos de ellos puede que tengan inseguridades o est\u00e9n pas\u00e1ndola mal. Yo hac\u00eda lo mismo con The Smiths. Cuando era adolescente, solo escuchaba The Smiths y Echo and the Bunnymen; era lo que me gustaba. Estaba convencido de que Morrissey escrib\u00eda letras sobre cosas que no yo pod\u00eda expresar muy bien; estaba escribiendo lo que yo pensaba.<\/p>\n\n\n\n<p>Entonces, \u00bfqu\u00e9 les escribe la gente en estas cartas inspiradas por \u201cCreep\u201d?<br>Thom: usualmente est\u00e1n buscando algo que no podemos darle; o al menos yo no puedo<\/p>\n\n\n\n<p>\u00bfComo qu\u00e9? \u00bfConsejos de inversi\u00f3n, pistas sobre el nuevo \u00e1lbum, el tel\u00e9fono de Daisy Fuentes?<br>Thom: no s\u00e9. O sea, no estamos instruidos para eso. Algunos lo toman con humor, y otros no. Lo ven como algo muy tr\u00e1gico o algo as\u00ed.<\/p>\n\n\n\n<p>\u00bfLes preocupaba que los pongan en la misma bolsa que las banda de shoegaze?<br>Thom: para nada. Obviamente, a la prensa le gusta tener todo bien categorizado. Somos los don nadie, y de cierta forma eso fue bueno, pero estamos siempre d\u00e1ndonos la cabeza contra alguna pared.<br>Por ejemplo, tenemos una relaci\u00f3n de amor\/odio con la prensa en Inglaterra.<\/p>\n\n\n\n<p>Ay\u00fadame un poco con esto. Si fueran una banda shoegaze \u00bfqu\u00e9 tipo de zapatos usar\u00edas?<br>Thom: estoy mirando a mis confiables Converse verdes, que us\u00e9 toda la gira. Supongo que usar\u00eda botas. Me gustan las Doc Marten. Simplemente prefiero las cosas m\u00e1s pr\u00e1cticas; odio vestirme de blanco y negro.<br>Ed: sandalias. Definitivamente sandalias, porque siempre uso botas. Las sandalias me dar\u00edan un buen descanso. Siempre quise un par, pero nunca tuve el valor de comprar uno.<\/p>\n\n\n\n<p>Entiendo. Por cierto, \u00bfquieren que escriba \u201cgui\u00f1o gui\u00f1o\u201d entre par\u00e9ntesis o dejamos que los lectores interpreten esto por sus propios medios?<br>Ed: [risas] \u00bfYa mencion\u00e9 que soy talle 8?<\/p>\n\n\n\n<p>Hablemos del nuevo corte, <a href=\"https:\/\/www.exitmusic.com.ar\/discografia\/pablohoney\/stopwhispering\/\">\u201cStop Whispering\u201d<\/a>. Lo destacamos hace meses en <em>Creem<\/em>, incluso antes de que salga el \u00e1lbum en los Estados Unidos.<br>Ed: es una nueva versi\u00f3n la que tocamos. Lo regrabamos.<\/p>\n\n\n\n<p>Hey, lo mismo hizo The Police con \u201cDon\u2019t Stand so Close to Me\u201d &#8211; \u00bflo van a seguir regrabando? Como un evento anual\u2026<br>Ed: [risas] simplemente nunca estuvimos convencidos de la versi\u00f3n en el \u00e1lbum. Para nosotros, como que perdi\u00f3 el rumbo. Por eso lo regrabamos en un d\u00eda y medio; ahora tiene m\u00e1s atm\u00f3sfera. Como un tema de Joy Division de fines de los 70, comienzos de los 80.<br>Thom: es un poco feo tener que hacer eso, pero ya era bastante viejo cuando entramos al estudio y no ten\u00edamos una manera de encararlo. Despu\u00e9s, cuando sali\u00f3 el \u00e1lbum, la encontramos.<\/p>\n\n\n\n<p>Ed, te han descrito como la \u201cguitarra suave\u201d en contraste con Jonny, que es la \u201cguitarra agresiva\u201d. \u00bfC\u00f3mo llegaron a esos roles?<br>Ed: Jonny ocupa un rol m\u00e1s central. Yo odio la guitarra principal. El \u00fanico guitarrista principal que me gusta es Jonny Greenwood. Es muy creativo con los riffs. Yo me identifico m\u00e1s con gente como Peter Buck o Peter Townshend.<\/p>\n\n\n\n<p>Y seamos honestos, probablemente conquistes m\u00e1s chicas siendo \u201csuave\u201d.<br>Ed: [risas] De hecho, es muy extra\u00f1o, porque Jonny es la persona m\u00e1s tranquila de todos nosotros. Eso es peor. Uno consigue las chicas pero \u00e9l las merece.<\/p>\n\n\n\n<p>Hay algo m\u00e1s que es necesario aclarar: su biograf\u00eda oficial sugiere que les gusta disfrazarse.<br>Ed: \u00bfde qu\u00e9?<\/p>\n\n\n\n<p>Supuestamente, les gusta disfrazarse de personajes del Oeste, tipo Billy the Kid.<br>Ed: [risas] \u00a1no! no es cierto<br>Thom: esas son solo bromas internas de la banda.<\/p>\n\n\n\n<p>Entonces, \u00bfEd no se disfraza de Billy the Kid?<br>Thom: bueno, quiz\u00e1 lo haga<\/p>\n\n\n<div id=\"ads_page\"><!-- wpPagead_2 -->\n\t<amp-ad width=\"100vw\" height=\"320\"\n\t\t type=\"adsense\"\n\t\t data-ad-client=\"ca-pub-1186082079292141\"\n\t\t data-ad-slot=\"6487197087\"\n\t\t data-auto-format=\"rspv\"\n\t\t data-full-width=\"\">\n\t  <div overflow=\"\"><\/div>\n\t<\/amp-ad>\n\t<\/div>\n\n\n\n<p>Supongamos que de pronto tienes un deseo incontrolable de disfrazarte de algo o alguien \u00bfqui\u00e9n ser\u00eda?<br>Thom: Ghandi. Definitivamente<\/p>\n\n\n\n<p>\u00bfBambi? Eres raro<br>Thom: si, podr\u00eda afeitarme la cabeza de nuevo<\/p>\n\n\n\n<p>Espera un momento, \u00bfdijiste Bambi, como en el adorable ciervo cuya madre fue asesinada en el bosque?<br>Thom: Bam-? No! Ghandi [risas]<\/p>\n\n\n\n<p>Siendo honestos, \u00bftodos en la banda son tan neur\u00f3ticos?<br>Ed: es extra\u00f1o. Hicimos un show en Israel. Tambi\u00e9n pasamos por algunas radios mientras est\u00e1bamos ah\u00ed, y nos pidieron que mencionemos nuestros discos favoritos. Despu\u00e9s de eso, nuestro manager nos dijo \u201cdemonios, \u00a1son todos unos melanc\u00f3licos! Todos los discos que eligieron eran tristes, tranquilos y un poco deprimentes.\u201d No nos dimos cuenta de eso, pero es la m\u00fasica que nos inspira. Es algo primal; algo que te toca por dentro. Pero no tenemos problemas, de ning\u00fan tipo.<\/p>\n\n\n\n<p class=\"has-text-align-right\">Publicado por <em>Creem <\/em>en Octubre de 1993. <br>Texto original por Chris Nadler<\/p>","protected":false},"excerpt":{"rendered":"<p>Los c\u00ednicos, perd\u00f3n, cr\u00edticos de rock aman calificar como \u201cone hit wonder\u201d a las bandas cuando tienen oportunidad. El caso m\u00e1s reciente es el de Radiohead, que se encontraron dentro de tal grupo hace poco.&hellip; <a href=\"https:\/\/www.exitmusic.com.ar\/news\/prensatraducciones\/la-musica-deprimente-nos-inspira\/\" class=\"morelink\"> m\u00e1s \u00bb<\/a><\/p>","protected":false},"author":2,"featured_media":16564,"parent":7671,"menu_order":0,"comment_status":"open","ping_status":"closed","template":"","meta":{"footnotes":""},"categories":[1383],"tags":[145,26,23,61,1180,1176],"class_list":["post-16555","page","type-page","status-publish","has-post-thumbnail","hentry","category-radiohead","tag-creep","tag-ed-obrien","tag-entrevista","tag-pablo-honey","tag-radiohead","tag-thom-yorke"],"yoast_head":"<!-- This site is optimized with the Yoast SEO plugin v27.5 - https:\/\/yoast.com\/product\/yoast-seo-wordpress\/ -->\n<title>&quot;La m\u00fasica deprimente nos inspira&quot; &#8211; ExitMusicAr | Radiohead Argentina - \u00faltimas noticias<\/title>\n<meta name=\"description\" content=\"Thom Yorke y Ed O&#039;Brien hablaron con el medio americano Creem, sobre el \u00e9xito de &quot;Creep&quot; y de Pablo Honey, a fines de 1993\" \/>\n<meta name=\"robots\" content=\"index, follow, max-snippet:-1, max-image-preview:large, max-video-preview:-1\" \/>\n<link rel=\"canonical\" href=\"https:\/\/www.exitmusic.com.ar\/news\/prensatraducciones\/la-musica-deprimente-nos-inspira\/\" \/>\n<meta property=\"og:locale\" content=\"es_ES\" \/>\n<meta property=\"og:type\" content=\"article\" \/>\n<meta property=\"og:title\" content=\"&quot;La m\u00fasica deprimente nos inspira&quot; &#8211; ExitMusicAr | Radiohead Argentina - \u00faltimas noticias\" \/>\n<meta property=\"og:description\" content=\"Thom Yorke y Ed O&#039;Brien hablaron con el medio americano Creem, sobre el \u00e9xito de &quot;Creep&quot; y de Pablo Honey, a fines de 1993\" \/>\n<meta property=\"og:url\" content=\"https:\/\/www.exitmusic.com.ar\/news\/prensatraducciones\/la-musica-deprimente-nos-inspira\/\" \/>\n<meta property=\"og:site_name\" content=\"ExitMusicAr | Radiohead Argentina - \u00faltimas noticias\" \/>\n<meta property=\"article:publisher\" content=\"https:\/\/www.facebook.com\/ExitMusicAr\" \/>\n<meta property=\"article:modified_time\" content=\"2021-06-25T12:02:55+00:00\" \/>\n<meta property=\"og:image\" content=\"https:\/\/www.exitmusic.com.ar\/news\/wp-content\/uploads\/2021\/02\/1993-zlozower-07-cropped.jpg\" \/>\n\t<meta property=\"og:image:width\" content=\"800\" \/>\n\t<meta property=\"og:image:height\" content=\"450\" \/>\n\t<meta property=\"og:image:type\" content=\"image\/jpeg\" \/>\n<meta name=\"twitter:card\" content=\"summary_large_image\" \/>\n<meta name=\"twitter:site\" content=\"@ExitMusicAr\" \/>\n<meta name=\"twitter:label1\" content=\"Tiempo de lectura\" \/>\n\t<meta name=\"twitter:data1\" content=\"6 minutos\" \/>\n<script type=\"application\/ld+json\" class=\"yoast-schema-graph\">{\"@context\":\"https:\\\/\\\/schema.org\",\"@graph\":[{\"@type\":\"NewsArticle\",\"@id\":\"https:\\\/\\\/www.exitmusic.com.ar\\\/news\\\/prensatraducciones\\\/la-musica-deprimente-nos-inspira\\\/#article\",\"isPartOf\":{\"@id\":\"https:\\\/\\\/www.exitmusic.com.ar\\\/news\\\/prensatraducciones\\\/la-musica-deprimente-nos-inspira\\\/\"},\"author\":{\"name\":\"britbomber\",\"@id\":\"https:\\\/\\\/www.exitmusic.com.ar\\\/news\\\/#\\\/schema\\\/person\\\/5b17484c1a134bd78759c85b056b2e9a\"},\"headline\":\"\u00abLa m\u00fasica deprimente nos inspira\u00bb\",\"datePublished\":\"1993-10-02T14:43:00+00:00\",\"dateModified\":\"2021-06-25T12:02:55+00:00\",\"mainEntityOfPage\":{\"@id\":\"https:\\\/\\\/www.exitmusic.com.ar\\\/news\\\/prensatraducciones\\\/la-musica-deprimente-nos-inspira\\\/\"},\"wordCount\":1238,\"commentCount\":0,\"image\":{\"@id\":\"https:\\\/\\\/www.exitmusic.com.ar\\\/news\\\/prensatraducciones\\\/la-musica-deprimente-nos-inspira\\\/#primaryimage\"},\"thumbnailUrl\":\"https:\\\/\\\/www.exitmusic.com.ar\\\/news\\\/wp-content\\\/uploads\\\/2021\\\/02\\\/1993-zlozower-07-cropped.jpg\",\"keywords\":[\"creep\",\"ed o'brien\",\"entrevista\",\"pablo honey\",\"radiohead\",\"thom yorke\"],\"articleSection\":[\"Radiohead\"],\"inLanguage\":\"es\",\"potentialAction\":[{\"@type\":\"CommentAction\",\"name\":\"Comment\",\"target\":[\"https:\\\/\\\/www.exitmusic.com.ar\\\/news\\\/prensatraducciones\\\/la-musica-deprimente-nos-inspira\\\/#respond\"]}]},{\"@type\":[\"WebPage\",\"ItemPage\"],\"@id\":\"https:\\\/\\\/www.exitmusic.com.ar\\\/news\\\/prensatraducciones\\\/la-musica-deprimente-nos-inspira\\\/\",\"url\":\"https:\\\/\\\/www.exitmusic.com.ar\\\/news\\\/prensatraducciones\\\/la-musica-deprimente-nos-inspira\\\/\",\"name\":\"\\\"La m\u00fasica deprimente nos inspira\\\" &#8211; ExitMusicAr | Radiohead Argentina - \u00faltimas noticias\",\"isPartOf\":{\"@id\":\"https:\\\/\\\/www.exitmusic.com.ar\\\/news\\\/#website\"},\"primaryImageOfPage\":{\"@id\":\"https:\\\/\\\/www.exitmusic.com.ar\\\/news\\\/prensatraducciones\\\/la-musica-deprimente-nos-inspira\\\/#primaryimage\"},\"image\":{\"@id\":\"https:\\\/\\\/www.exitmusic.com.ar\\\/news\\\/prensatraducciones\\\/la-musica-deprimente-nos-inspira\\\/#primaryimage\"},\"thumbnailUrl\":\"https:\\\/\\\/www.exitmusic.com.ar\\\/news\\\/wp-content\\\/uploads\\\/2021\\\/02\\\/1993-zlozower-07-cropped.jpg\",\"datePublished\":\"1993-10-02T14:43:00+00:00\",\"dateModified\":\"2021-06-25T12:02:55+00:00\",\"description\":\"Thom Yorke y Ed O'Brien hablaron con el medio americano Creem, sobre el \u00e9xito de \\\"Creep\\\" y de Pablo Honey, a fines de 1993\",\"breadcrumb\":{\"@id\":\"https:\\\/\\\/www.exitmusic.com.ar\\\/news\\\/prensatraducciones\\\/la-musica-deprimente-nos-inspira\\\/#breadcrumb\"},\"inLanguage\":\"es\",\"potentialAction\":[{\"@type\":\"ReadAction\",\"target\":[\"https:\\\/\\\/www.exitmusic.com.ar\\\/news\\\/prensatraducciones\\\/la-musica-deprimente-nos-inspira\\\/\"]}]},{\"@type\":\"ImageObject\",\"inLanguage\":\"es\",\"@id\":\"https:\\\/\\\/www.exitmusic.com.ar\\\/news\\\/prensatraducciones\\\/la-musica-deprimente-nos-inspira\\\/#primaryimage\",\"url\":\"https:\\\/\\\/www.exitmusic.com.ar\\\/news\\\/wp-content\\\/uploads\\\/2021\\\/02\\\/1993-zlozower-07-cropped.jpg\",\"contentUrl\":\"https:\\\/\\\/www.exitmusic.com.ar\\\/news\\\/wp-content\\\/uploads\\\/2021\\\/02\\\/1993-zlozower-07-cropped.jpg\",\"width\":800,\"height\":450,\"caption\":\"(c) Neil Zlozower\"},{\"@type\":\"BreadcrumbList\",\"@id\":\"https:\\\/\\\/www.exitmusic.com.ar\\\/news\\\/prensatraducciones\\\/la-musica-deprimente-nos-inspira\\\/#breadcrumb\",\"itemListElement\":[{\"@type\":\"ListItem\",\"position\":1,\"name\":\"Inicio\",\"item\":\"https:\\\/\\\/www.exitmusic.com.ar\\\/news\\\/\"},{\"@type\":\"ListItem\",\"position\":2,\"name\":\"Prensa\\\/Traducciones\",\"item\":\"https:\\\/\\\/www.exitmusic.com.ar\\\/news\\\/prensatraducciones\\\/\"},{\"@type\":\"ListItem\",\"position\":3,\"name\":\"&#8220;La m\u00fasica deprimente nos inspira&#8221;\"}]},{\"@type\":\"WebSite\",\"@id\":\"https:\\\/\\\/www.exitmusic.com.ar\\\/news\\\/#website\",\"url\":\"https:\\\/\\\/www.exitmusic.com.ar\\\/news\\\/\",\"name\":\"ExitMusicAr | Radiohead Argentina\",\"description\":\"Noticias e informaci\u00f3n sobre Radiohead, EOB, Philip Selway, Jonny Greenwood, Thom Yorke, Atoms for Peace y The Smile\",\"potentialAction\":[{\"@type\":\"SearchAction\",\"target\":{\"@type\":\"EntryPoint\",\"urlTemplate\":\"https:\\\/\\\/www.exitmusic.com.ar\\\/news\\\/?s={search_term_string}\"},\"query-input\":{\"@type\":\"PropertyValueSpecification\",\"valueRequired\":true,\"valueName\":\"search_term_string\"}}],\"inLanguage\":\"es\"},{\"@type\":\"Person\",\"@id\":\"https:\\\/\\\/www.exitmusic.com.ar\\\/news\\\/#\\\/schema\\\/person\\\/5b17484c1a134bd78759c85b056b2e9a\",\"name\":\"britbomber\",\"image\":{\"@type\":\"ImageObject\",\"inLanguage\":\"es\",\"@id\":\"https:\\\/\\\/secure.gravatar.com\\\/avatar\\\/7aa60245619700190832ac995e42108bfadba25baafc3bf5bb91e97db0e7a0bd?s=96&d=identicon&r=r\",\"url\":\"https:\\\/\\\/secure.gravatar.com\\\/avatar\\\/7aa60245619700190832ac995e42108bfadba25baafc3bf5bb91e97db0e7a0bd?s=96&d=identicon&r=r\",\"contentUrl\":\"https:\\\/\\\/secure.gravatar.com\\\/avatar\\\/7aa60245619700190832ac995e42108bfadba25baafc3bf5bb91e97db0e7a0bd?s=96&d=identicon&r=r\",\"caption\":\"britbomber\"}}]}<\/script>\n<!-- \/ Yoast SEO plugin. -->","yoast_head_json":{"title":"\"La m\u00fasica deprimente nos inspira\" &#8211; ExitMusicAr | Radiohead Argentina - \u00faltimas noticias","description":"Thom Yorke y Ed O'Brien hablaron con el medio americano Creem, sobre el \u00e9xito de \"Creep\" y de Pablo Honey, a fines de 1993","robots":{"index":"index","follow":"follow","max-snippet":"max-snippet:-1","max-image-preview":"max-image-preview:large","max-video-preview":"max-video-preview:-1"},"canonical":"https:\/\/www.exitmusic.com.ar\/news\/prensatraducciones\/la-musica-deprimente-nos-inspira\/","og_locale":"es_ES","og_type":"article","og_title":"\"La m\u00fasica deprimente nos inspira\" &#8211; ExitMusicAr | Radiohead Argentina - \u00faltimas noticias","og_description":"Thom Yorke y Ed O'Brien hablaron con el medio americano Creem, sobre el \u00e9xito de \"Creep\" y de Pablo Honey, a fines de 1993","og_url":"https:\/\/www.exitmusic.com.ar\/news\/prensatraducciones\/la-musica-deprimente-nos-inspira\/","og_site_name":"ExitMusicAr | Radiohead Argentina - \u00faltimas noticias","article_publisher":"https:\/\/www.facebook.com\/ExitMusicAr","article_modified_time":"2021-06-25T12:02:55+00:00","og_image":[{"width":800,"height":450,"url":"https:\/\/www.exitmusic.com.ar\/news\/wp-content\/uploads\/2021\/02\/1993-zlozower-07-cropped.jpg","type":"image\/jpeg"}],"twitter_card":"summary_large_image","twitter_site":"@ExitMusicAr","twitter_misc":{"Tiempo de lectura":"6 minutos"},"schema":{"@context":"https:\/\/schema.org","@graph":[{"@type":"NewsArticle","@id":"https:\/\/www.exitmusic.com.ar\/news\/prensatraducciones\/la-musica-deprimente-nos-inspira\/#article","isPartOf":{"@id":"https:\/\/www.exitmusic.com.ar\/news\/prensatraducciones\/la-musica-deprimente-nos-inspira\/"},"author":{"name":"britbomber","@id":"https:\/\/www.exitmusic.com.ar\/news\/#\/schema\/person\/5b17484c1a134bd78759c85b056b2e9a"},"headline":"\u00abLa m\u00fasica deprimente nos inspira\u00bb","datePublished":"1993-10-02T14:43:00+00:00","dateModified":"2021-06-25T12:02:55+00:00","mainEntityOfPage":{"@id":"https:\/\/www.exitmusic.com.ar\/news\/prensatraducciones\/la-musica-deprimente-nos-inspira\/"},"wordCount":1238,"commentCount":0,"image":{"@id":"https:\/\/www.exitmusic.com.ar\/news\/prensatraducciones\/la-musica-deprimente-nos-inspira\/#primaryimage"},"thumbnailUrl":"https:\/\/www.exitmusic.com.ar\/news\/wp-content\/uploads\/2021\/02\/1993-zlozower-07-cropped.jpg","keywords":["creep","ed o'brien","entrevista","pablo honey","radiohead","thom yorke"],"articleSection":["Radiohead"],"inLanguage":"es","potentialAction":[{"@type":"CommentAction","name":"Comment","target":["https:\/\/www.exitmusic.com.ar\/news\/prensatraducciones\/la-musica-deprimente-nos-inspira\/#respond"]}]},{"@type":["WebPage","ItemPage"],"@id":"https:\/\/www.exitmusic.com.ar\/news\/prensatraducciones\/la-musica-deprimente-nos-inspira\/","url":"https:\/\/www.exitmusic.com.ar\/news\/prensatraducciones\/la-musica-deprimente-nos-inspira\/","name":"\"La m\u00fasica deprimente nos inspira\" &#8211; ExitMusicAr | Radiohead Argentina - \u00faltimas noticias","isPartOf":{"@id":"https:\/\/www.exitmusic.com.ar\/news\/#website"},"primaryImageOfPage":{"@id":"https:\/\/www.exitmusic.com.ar\/news\/prensatraducciones\/la-musica-deprimente-nos-inspira\/#primaryimage"},"image":{"@id":"https:\/\/www.exitmusic.com.ar\/news\/prensatraducciones\/la-musica-deprimente-nos-inspira\/#primaryimage"},"thumbnailUrl":"https:\/\/www.exitmusic.com.ar\/news\/wp-content\/uploads\/2021\/02\/1993-zlozower-07-cropped.jpg","datePublished":"1993-10-02T14:43:00+00:00","dateModified":"2021-06-25T12:02:55+00:00","description":"Thom Yorke y Ed O'Brien hablaron con el medio americano Creem, sobre el \u00e9xito de \"Creep\" y de Pablo Honey, a fines de 1993","breadcrumb":{"@id":"https:\/\/www.exitmusic.com.ar\/news\/prensatraducciones\/la-musica-deprimente-nos-inspira\/#breadcrumb"},"inLanguage":"es","potentialAction":[{"@type":"ReadAction","target":["https:\/\/www.exitmusic.com.ar\/news\/prensatraducciones\/la-musica-deprimente-nos-inspira\/"]}]},{"@type":"ImageObject","inLanguage":"es","@id":"https:\/\/www.exitmusic.com.ar\/news\/prensatraducciones\/la-musica-deprimente-nos-inspira\/#primaryimage","url":"https:\/\/www.exitmusic.com.ar\/news\/wp-content\/uploads\/2021\/02\/1993-zlozower-07-cropped.jpg","contentUrl":"https:\/\/www.exitmusic.com.ar\/news\/wp-content\/uploads\/2021\/02\/1993-zlozower-07-cropped.jpg","width":800,"height":450,"caption":"(c) Neil Zlozower"},{"@type":"BreadcrumbList","@id":"https:\/\/www.exitmusic.com.ar\/news\/prensatraducciones\/la-musica-deprimente-nos-inspira\/#breadcrumb","itemListElement":[{"@type":"ListItem","position":1,"name":"Inicio","item":"https:\/\/www.exitmusic.com.ar\/news\/"},{"@type":"ListItem","position":2,"name":"Prensa\/Traducciones","item":"https:\/\/www.exitmusic.com.ar\/news\/prensatraducciones\/"},{"@type":"ListItem","position":3,"name":"&#8220;La m\u00fasica deprimente nos inspira&#8221;"}]},{"@type":"WebSite","@id":"https:\/\/www.exitmusic.com.ar\/news\/#website","url":"https:\/\/www.exitmusic.com.ar\/news\/","name":"ExitMusicAr | Radiohead Argentina","description":"Noticias e informaci\u00f3n sobre Radiohead, EOB, Philip Selway, Jonny Greenwood, Thom Yorke, Atoms for Peace y The Smile","potentialAction":[{"@type":"SearchAction","target":{"@type":"EntryPoint","urlTemplate":"https:\/\/www.exitmusic.com.ar\/news\/?s={search_term_string}"},"query-input":{"@type":"PropertyValueSpecification","valueRequired":true,"valueName":"search_term_string"}}],"inLanguage":"es"},{"@type":"Person","@id":"https:\/\/www.exitmusic.com.ar\/news\/#\/schema\/person\/5b17484c1a134bd78759c85b056b2e9a","name":"britbomber","image":{"@type":"ImageObject","inLanguage":"es","@id":"https:\/\/secure.gravatar.com\/avatar\/7aa60245619700190832ac995e42108bfadba25baafc3bf5bb91e97db0e7a0bd?s=96&d=identicon&r=r","url":"https:\/\/secure.gravatar.com\/avatar\/7aa60245619700190832ac995e42108bfadba25baafc3bf5bb91e97db0e7a0bd?s=96&d=identicon&r=r","contentUrl":"https:\/\/secure.gravatar.com\/avatar\/7aa60245619700190832ac995e42108bfadba25baafc3bf5bb91e97db0e7a0bd?s=96&d=identicon&r=r","caption":"britbomber"}}]}},"amp_enabled":true,"_links":{"self":[{"href":"https:\/\/www.exitmusic.com.ar\/news\/wp-json\/wp\/v2\/pages\/16555","targetHints":{"allow":["GET"]}}],"collection":[{"href":"https:\/\/www.exitmusic.com.ar\/news\/wp-json\/wp\/v2\/pages"}],"about":[{"href":"https:\/\/www.exitmusic.com.ar\/news\/wp-json\/wp\/v2\/types\/page"}],"author":[{"embeddable":true,"href":"https:\/\/www.exitmusic.com.ar\/news\/wp-json\/wp\/v2\/users\/2"}],"replies":[{"embeddable":true,"href":"https:\/\/www.exitmusic.com.ar\/news\/wp-json\/wp\/v2\/comments?post=16555"}],"version-history":[{"count":0,"href":"https:\/\/www.exitmusic.com.ar\/news\/wp-json\/wp\/v2\/pages\/16555\/revisions"}],"up":[{"embeddable":true,"href":"https:\/\/www.exitmusic.com.ar\/news\/wp-json\/wp\/v2\/pages\/7671"}],"wp:featuredmedia":[{"embeddable":true,"href":"https:\/\/www.exitmusic.com.ar\/news\/wp-json\/wp\/v2\/media\/16564"}],"wp:attachment":[{"href":"https:\/\/www.exitmusic.com.ar\/news\/wp-json\/wp\/v2\/media?parent=16555"}],"wp:term":[{"taxonomy":"category","embeddable":true,"href":"https:\/\/www.exitmusic.com.ar\/news\/wp-json\/wp\/v2\/categories?post=16555"},{"taxonomy":"post_tag","embeddable":true,"href":"https:\/\/www.exitmusic.com.ar\/news\/wp-json\/wp\/v2\/tags?post=16555"}],"curies":[{"name":"wp","href":"https:\/\/api.w.org\/{rel}","templated":true}]}}