{"id":19996,"date":"2024-10-11T15:33:06","date_gmt":"2024-10-11T18:33:06","guid":{"rendered":"https:\/\/www.exitmusic.com.ar\/news\/?page_id=19996"},"modified":"2024-12-05T16:41:31","modified_gmt":"2024-12-05T19:41:31","slug":"jonny-greenwood-cutouts-delay","status":"publish","type":"page","link":"https:\/\/www.exitmusic.com.ar\/news\/prensatraducciones\/jonny-greenwood-cutouts-delay\/","title":{"rendered":"Jonny Greenwood y su amor por el delay"},"content":{"rendered":"<p class=\"has-text-align-right\">publicado por <a href=\"https:\/\/www.nme.com\/news\/music\/jonny-greenwood-interview-the-smile-cutouts-radiohead-return-3801554\">NME<\/a> el 11 de Octubre de 2024.<\/p>\n\n\n\n<p><em>En el evento de escucha en Londres en Enero (2024), Thom y vos describieron las canciones como \u00ablienzos sin terminar en un cuarto\u00bb. \u00bfC\u00f3mo se relacionan los lienzos de <\/em>Wall of Eyes<em> con los de <\/em><a href=\"\/discografia\/thesmile\/cutouts\/\">Cutouts<\/a><em>?<\/em><br>Creo que ten\u00edamos un \u00e1lbum y medio cuando decidimos lanzar <em><a href=\"\/discografia\/thesmile\/wallofeyes\/\">Wall of Eyes<\/a><\/em>, por lo que simplemente se trat\u00f3 de terminar algunos de los otros lienzos. De ninguna forma son resabios del otro \u00e1lbum; es un \u00e1lbum diferente<\/p>\n\n\n\n<p><em>\u00bfC\u00f3mo describir\u00edas el ADN sonoro de este \u00e1lbum?<\/em><br>Las partes de guitarra se enfocan en el uso del pedal de delay. Unos a\u00f1os atr\u00e1s, me comenc\u00e9 a preguntar si la tecnolog\u00eda no estaba yendo demasiado r\u00e1pido como para apreciar el poder de las ideas antiguas &#8211; como un sencillo eco. Decid\u00ed usar solamente un pedal de delay, una guitarra y un amplificador por un a\u00f1o o dos y ver qu\u00e9 pod\u00eda escribir con esa (supuesta) limitaci\u00f3n.<br>Pero la guitarra por su propia cuenta es un instrumento maravilloso. Al tratar al delay como un par, se abrieron muchas oportunidades. Todav\u00eda me da ideas &#8211; probablemente estoy hartando a Thom y Tom, pero quiz\u00e1 todav\u00eda haya lugar para algunas m\u00e1s en el pr\u00f3ximo \u00e1lbum. Si son suficientemente diferentes \u2026<\/p>\n\n\n<div id=\"ads_page\">\n\t<!-- wpPageAd_1 -->\n\t<amp-ad width=\"100vw\" height=\"320\"\n\t\ttype=\"adsense\"\n     \tdata-ad-client=\"ca-pub-1186082079292141\"\n     \tdata-ad-slot=\"6678768770\"\n     \tdata-auto-format=\"rspv\"\n     \tdata-full-width=\"\">\n  \t<div overflow=\"\"><\/div>\n\t<\/amp-ad>\n\t<\/div>\n\n\n\n<p><em>\u00bfTe parece que los primeros esbozos de las canciones toman una direcci\u00f3n diferente cuando salen de gira?<\/em><br>A veces. Ten\u00edamos un cuarto supuestamente para precalentar en la \u00faltima gira &#8211; un peque\u00f1o camar\u00edn con bater\u00eda, bajo y guitarra &#8211; que se convirti\u00f3 en el lugar para probar cosas nuevas juntos durante el d\u00eda (en lugar de solo antes de los shows). Es por eso que hab\u00eda cambios en las canciones \u2026 aunque, como somos solo un tr\u00edo, estamos m\u00e1s expuestos en lo que hacemos y simplemente nos concentramos en lo que ayudaba al desarrollo de las canciones. A veces se trata de simplemente ajustar los arreglos y terminar la canci\u00f3n antes de que se ponga aburrida.<\/p>\n\n\n\n<p><em>\u00bfQu\u00e9 trajo el productor Sam Petts-Davies a la banda y al sonido?<\/em><br>calidez, paciencia y buen mezcal<\/p>\n\n\n\n<p><em>Tu hermano est\u00e1 lanzando un libro de fotos pronto, en el que dice que sos el que m\u00e1s dispuesto est\u00e1 a que le tomen una foto de toda la banda. \u00bfes cierto?<\/em><br>Pobre Colin. Es cierto, pero solo porque pongo la misma cara &#8211; de p\u00e1nico\/alarma &#8211; en 99% de las fotos que me ha tomado durante los a\u00f1os. Por eso tiene muchas de esas. Podr\u00eda hacer una dolorosa muestra con solo esas. Por suerte, tiene cientos de fotos realmente buenas (la mayor\u00eda no son de su est\u00fapido hermano) y el libro es brillante. Muestra la realidad de estar en una banda.<\/p>\n\n\n\n<p><em>Colin tambi\u00e9n coment\u00f3 recientemente que Radiohead hab\u00eda estado en la sala de ensayos este verano. \u00bfC\u00f3mo fue eso y c\u00f3mo te sentiste?<\/em><br>Fue divertido y natural<\/p>\n\n\n\n<p><em>\u00bfImaginas que habr\u00e1 m\u00e1s m\u00fasica o shows en vivo de Radiohead en 2025?<\/em><br>No hay planes &#8211; tenemos muchos proyectos individuales en curso en este momento.<\/p>\n\n\n<div id=\"ads_page\"><!-- wpPagead_2 -->\n\t<amp-ad width=\"100vw\" height=\"320\"\n\t\t type=\"adsense\"\n\t\t data-ad-client=\"ca-pub-1186082079292141\"\n\t\t data-ad-slot=\"6487197087\"\n\t\t data-auto-format=\"rspv\"\n\t\t data-full-width=\"\">\n\t  <div overflow=\"\"><\/div>\n\t<\/amp-ad>\n\t<\/div>\n\n\n\n<p><em>\u00bfHas aprendido algo con The Smile que quisieras transpolar a Radiohead?<\/em><br>salas de precalentamiento<\/p>\n\n\n\n<p><em>\u00bfQu\u00e9 se viene para The Smile en el futuro? \u00bfHabr\u00e1 mas shows promocionales para este \u00e1lbum cuando te mejores?<\/em><br>estoy 90% recuperado; estoy trabajando con m\u00fasica para algunas pel\u00edculas, y tratando de no estresarme con cosas de bandas hasta estar completamente recuperado<\/p>\n\n\n\n<p><em>\u00bfQu\u00e9 m\u00e1s tienes en curso en este momento?<\/em><br>Adem\u00e1s de algunas pel\u00edculas, simplemente tocar y escribir cosas de guitarra. Estoy un poco cansado de viajar por el momento, as\u00ed que estar en casa es genial.<\/p>","protected":false},"excerpt":{"rendered":"<p>publicado por NME el 11 de Octubre de 2024. En el evento de escucha en Londres en Enero (2024), Thom y vos describieron las canciones como \u00ablienzos sin terminar en un cuarto\u00bb. \u00bfC\u00f3mo se relacionan&hellip; <a href=\"https:\/\/www.exitmusic.com.ar\/news\/prensatraducciones\/jonny-greenwood-cutouts-delay\/\" class=\"morelink\"> m\u00e1s \u00bb<\/a><\/p>","protected":false},"author":2,"featured_media":19998,"parent":7671,"menu_order":0,"comment_status":"closed","ping_status":"closed","template":"","meta":{"footnotes":""},"categories":[1381,1935],"tags":[2070,23,1177,1854],"class_list":["post-19996","page","type-page","status-publish","has-post-thumbnail","hentry","category-jonny-greenwood","category-the-smile","tag-cutouts","tag-entrevista","tag-jonny-greenwood","tag-the-smile"],"yoast_head":"<!-- This site is optimized with the Yoast SEO plugin v27.4 - https:\/\/yoast.com\/product\/yoast-seo-wordpress\/ -->\n<title>Jonny Greenwood y su amor por el delay &#8211; ExitMusicAr | Radiohead Argentina - \u00faltimas noticias<\/title>\n<meta name=\"description\" content=\"NME entrevist\u00f3 a Jonny Greenwood sobre el nuevo \u00e1lbum de The Smile (Cutouts) y sobre los planes futuros personales y de Radiohead\" \/>\n<meta name=\"robots\" content=\"index, follow, max-snippet:-1, max-image-preview:large, max-video-preview:-1\" \/>\n<link rel=\"canonical\" href=\"https:\/\/www.exitmusic.com.ar\/news\/prensatraducciones\/jonny-greenwood-cutouts-delay\/\" \/>\n<meta property=\"og:locale\" content=\"es_ES\" \/>\n<meta property=\"og:type\" content=\"article\" \/>\n<meta property=\"og:title\" content=\"Jonny Greenwood y su amor por el delay &#8211; ExitMusicAr | Radiohead Argentina - \u00faltimas noticias\" \/>\n<meta property=\"og:description\" content=\"NME entrevist\u00f3 a Jonny Greenwood sobre el nuevo \u00e1lbum de The Smile (Cutouts) y sobre los planes futuros personales y de Radiohead\" \/>\n<meta property=\"og:url\" content=\"https:\/\/www.exitmusic.com.ar\/news\/prensatraducciones\/jonny-greenwood-cutouts-delay\/\" \/>\n<meta property=\"og:site_name\" content=\"ExitMusicAr | Radiohead Argentina - \u00faltimas noticias\" \/>\n<meta property=\"article:publisher\" content=\"https:\/\/www.facebook.com\/ExitMusicAr\" \/>\n<meta property=\"article:modified_time\" content=\"2024-12-05T19:41:31+00:00\" \/>\n<meta property=\"og:image\" content=\"https:\/\/www.exitmusic.com.ar\/news\/wp-content\/uploads\/2024\/10\/The-Smile_Max_VxHxFl3KSa_credit-ShinKatan-x-Weirdcore-696x522-1.jpg\" \/>\n\t<meta property=\"og:image:width\" content=\"696\" \/>\n\t<meta property=\"og:image:height\" content=\"522\" \/>\n\t<meta property=\"og:image:type\" content=\"image\/jpeg\" \/>\n<meta name=\"twitter:card\" content=\"summary_large_image\" \/>\n<meta name=\"twitter:site\" content=\"@ExitMusicAr\" \/>\n<meta name=\"twitter:label1\" content=\"Tiempo de lectura\" \/>\n\t<meta name=\"twitter:data1\" content=\"1 minuto\" \/>\n<script type=\"application\/ld+json\" class=\"yoast-schema-graph\">{\"@context\":\"https:\\\/\\\/schema.org\",\"@graph\":[{\"@type\":\"NewsArticle\",\"@id\":\"https:\\\/\\\/www.exitmusic.com.ar\\\/news\\\/prensatraducciones\\\/jonny-greenwood-cutouts-delay\\\/#article\",\"isPartOf\":{\"@id\":\"https:\\\/\\\/www.exitmusic.com.ar\\\/news\\\/prensatraducciones\\\/jonny-greenwood-cutouts-delay\\\/\"},\"author\":{\"name\":\"britbomber\",\"@id\":\"https:\\\/\\\/www.exitmusic.com.ar\\\/news\\\/#\\\/schema\\\/person\\\/5b17484c1a134bd78759c85b056b2e9a\"},\"headline\":\"Jonny Greenwood y su amor por el delay\",\"datePublished\":\"2024-10-11T18:33:06+00:00\",\"dateModified\":\"2024-12-05T19:41:31+00:00\",\"mainEntityOfPage\":{\"@id\":\"https:\\\/\\\/www.exitmusic.com.ar\\\/news\\\/prensatraducciones\\\/jonny-greenwood-cutouts-delay\\\/\"},\"wordCount\":631,\"image\":{\"@id\":\"https:\\\/\\\/www.exitmusic.com.ar\\\/news\\\/prensatraducciones\\\/jonny-greenwood-cutouts-delay\\\/#primaryimage\"},\"thumbnailUrl\":\"https:\\\/\\\/www.exitmusic.com.ar\\\/news\\\/wp-content\\\/uploads\\\/2024\\\/10\\\/The-Smile_Max_VxHxFl3KSa_credit-ShinKatan-x-Weirdcore-696x522-1.jpg\",\"keywords\":[\"cutouts\",\"entrevista\",\"jonny greenwood\",\"the smile\"],\"articleSection\":[\"Jonny Greenwood\",\"The Smile\"],\"inLanguage\":\"es\"},{\"@type\":[\"WebPage\",\"ItemPage\"],\"@id\":\"https:\\\/\\\/www.exitmusic.com.ar\\\/news\\\/prensatraducciones\\\/jonny-greenwood-cutouts-delay\\\/\",\"url\":\"https:\\\/\\\/www.exitmusic.com.ar\\\/news\\\/prensatraducciones\\\/jonny-greenwood-cutouts-delay\\\/\",\"name\":\"Jonny Greenwood y su amor por el delay &#8211; ExitMusicAr | Radiohead Argentina - \u00faltimas noticias\",\"isPartOf\":{\"@id\":\"https:\\\/\\\/www.exitmusic.com.ar\\\/news\\\/#website\"},\"primaryImageOfPage\":{\"@id\":\"https:\\\/\\\/www.exitmusic.com.ar\\\/news\\\/prensatraducciones\\\/jonny-greenwood-cutouts-delay\\\/#primaryimage\"},\"image\":{\"@id\":\"https:\\\/\\\/www.exitmusic.com.ar\\\/news\\\/prensatraducciones\\\/jonny-greenwood-cutouts-delay\\\/#primaryimage\"},\"thumbnailUrl\":\"https:\\\/\\\/www.exitmusic.com.ar\\\/news\\\/wp-content\\\/uploads\\\/2024\\\/10\\\/The-Smile_Max_VxHxFl3KSa_credit-ShinKatan-x-Weirdcore-696x522-1.jpg\",\"datePublished\":\"2024-10-11T18:33:06+00:00\",\"dateModified\":\"2024-12-05T19:41:31+00:00\",\"description\":\"NME entrevist\u00f3 a Jonny Greenwood sobre el nuevo \u00e1lbum de The Smile (Cutouts) y sobre los planes futuros personales y de Radiohead\",\"breadcrumb\":{\"@id\":\"https:\\\/\\\/www.exitmusic.com.ar\\\/news\\\/prensatraducciones\\\/jonny-greenwood-cutouts-delay\\\/#breadcrumb\"},\"inLanguage\":\"es\",\"potentialAction\":[{\"@type\":\"ReadAction\",\"target\":[\"https:\\\/\\\/www.exitmusic.com.ar\\\/news\\\/prensatraducciones\\\/jonny-greenwood-cutouts-delay\\\/\"]}]},{\"@type\":\"ImageObject\",\"inLanguage\":\"es\",\"@id\":\"https:\\\/\\\/www.exitmusic.com.ar\\\/news\\\/prensatraducciones\\\/jonny-greenwood-cutouts-delay\\\/#primaryimage\",\"url\":\"https:\\\/\\\/www.exitmusic.com.ar\\\/news\\\/wp-content\\\/uploads\\\/2024\\\/10\\\/The-Smile_Max_VxHxFl3KSa_credit-ShinKatan-x-Weirdcore-696x522-1.jpg\",\"contentUrl\":\"https:\\\/\\\/www.exitmusic.com.ar\\\/news\\\/wp-content\\\/uploads\\\/2024\\\/10\\\/The-Smile_Max_VxHxFl3KSa_credit-ShinKatan-x-Weirdcore-696x522-1.jpg\",\"width\":696,\"height\":522},{\"@type\":\"BreadcrumbList\",\"@id\":\"https:\\\/\\\/www.exitmusic.com.ar\\\/news\\\/prensatraducciones\\\/jonny-greenwood-cutouts-delay\\\/#breadcrumb\",\"itemListElement\":[{\"@type\":\"ListItem\",\"position\":1,\"name\":\"Inicio\",\"item\":\"https:\\\/\\\/www.exitmusic.com.ar\\\/news\\\/\"},{\"@type\":\"ListItem\",\"position\":2,\"name\":\"Prensa\\\/Traducciones\",\"item\":\"https:\\\/\\\/www.exitmusic.com.ar\\\/news\\\/prensatraducciones\\\/\"},{\"@type\":\"ListItem\",\"position\":3,\"name\":\"Jonny Greenwood y su amor por el delay\"}]},{\"@type\":\"WebSite\",\"@id\":\"https:\\\/\\\/www.exitmusic.com.ar\\\/news\\\/#website\",\"url\":\"https:\\\/\\\/www.exitmusic.com.ar\\\/news\\\/\",\"name\":\"ExitMusicAr | Radiohead Argentina\",\"description\":\"Noticias e informaci\u00f3n sobre Radiohead, EOB, Philip Selway, Jonny Greenwood, Thom Yorke, Atoms for Peace y The Smile\",\"potentialAction\":[{\"@type\":\"SearchAction\",\"target\":{\"@type\":\"EntryPoint\",\"urlTemplate\":\"https:\\\/\\\/www.exitmusic.com.ar\\\/news\\\/?s={search_term_string}\"},\"query-input\":{\"@type\":\"PropertyValueSpecification\",\"valueRequired\":true,\"valueName\":\"search_term_string\"}}],\"inLanguage\":\"es\"},{\"@type\":\"Person\",\"@id\":\"https:\\\/\\\/www.exitmusic.com.ar\\\/news\\\/#\\\/schema\\\/person\\\/5b17484c1a134bd78759c85b056b2e9a\",\"name\":\"britbomber\",\"image\":{\"@type\":\"ImageObject\",\"inLanguage\":\"es\",\"@id\":\"https:\\\/\\\/secure.gravatar.com\\\/avatar\\\/7aa60245619700190832ac995e42108bfadba25baafc3bf5bb91e97db0e7a0bd?s=96&d=identicon&r=r\",\"url\":\"https:\\\/\\\/secure.gravatar.com\\\/avatar\\\/7aa60245619700190832ac995e42108bfadba25baafc3bf5bb91e97db0e7a0bd?s=96&d=identicon&r=r\",\"contentUrl\":\"https:\\\/\\\/secure.gravatar.com\\\/avatar\\\/7aa60245619700190832ac995e42108bfadba25baafc3bf5bb91e97db0e7a0bd?s=96&d=identicon&r=r\",\"caption\":\"britbomber\"}}]}<\/script>\n<!-- \/ Yoast SEO plugin. -->","yoast_head_json":{"title":"Jonny Greenwood y su amor por el delay &#8211; ExitMusicAr | Radiohead Argentina - \u00faltimas noticias","description":"NME entrevist\u00f3 a Jonny Greenwood sobre el nuevo \u00e1lbum de The Smile (Cutouts) y sobre los planes futuros personales y de Radiohead","robots":{"index":"index","follow":"follow","max-snippet":"max-snippet:-1","max-image-preview":"max-image-preview:large","max-video-preview":"max-video-preview:-1"},"canonical":"https:\/\/www.exitmusic.com.ar\/news\/prensatraducciones\/jonny-greenwood-cutouts-delay\/","og_locale":"es_ES","og_type":"article","og_title":"Jonny Greenwood y su amor por el delay &#8211; ExitMusicAr | Radiohead Argentina - \u00faltimas noticias","og_description":"NME entrevist\u00f3 a Jonny Greenwood sobre el nuevo \u00e1lbum de The Smile (Cutouts) y sobre los planes futuros personales y de Radiohead","og_url":"https:\/\/www.exitmusic.com.ar\/news\/prensatraducciones\/jonny-greenwood-cutouts-delay\/","og_site_name":"ExitMusicAr | Radiohead Argentina - \u00faltimas noticias","article_publisher":"https:\/\/www.facebook.com\/ExitMusicAr","article_modified_time":"2024-12-05T19:41:31+00:00","og_image":[{"width":696,"height":522,"url":"https:\/\/www.exitmusic.com.ar\/news\/wp-content\/uploads\/2024\/10\/The-Smile_Max_VxHxFl3KSa_credit-ShinKatan-x-Weirdcore-696x522-1.jpg","type":"image\/jpeg"}],"twitter_card":"summary_large_image","twitter_site":"@ExitMusicAr","twitter_misc":{"Tiempo de lectura":"1 minuto"},"schema":{"@context":"https:\/\/schema.org","@graph":[{"@type":"NewsArticle","@id":"https:\/\/www.exitmusic.com.ar\/news\/prensatraducciones\/jonny-greenwood-cutouts-delay\/#article","isPartOf":{"@id":"https:\/\/www.exitmusic.com.ar\/news\/prensatraducciones\/jonny-greenwood-cutouts-delay\/"},"author":{"name":"britbomber","@id":"https:\/\/www.exitmusic.com.ar\/news\/#\/schema\/person\/5b17484c1a134bd78759c85b056b2e9a"},"headline":"Jonny Greenwood y su amor por el delay","datePublished":"2024-10-11T18:33:06+00:00","dateModified":"2024-12-05T19:41:31+00:00","mainEntityOfPage":{"@id":"https:\/\/www.exitmusic.com.ar\/news\/prensatraducciones\/jonny-greenwood-cutouts-delay\/"},"wordCount":631,"image":{"@id":"https:\/\/www.exitmusic.com.ar\/news\/prensatraducciones\/jonny-greenwood-cutouts-delay\/#primaryimage"},"thumbnailUrl":"https:\/\/www.exitmusic.com.ar\/news\/wp-content\/uploads\/2024\/10\/The-Smile_Max_VxHxFl3KSa_credit-ShinKatan-x-Weirdcore-696x522-1.jpg","keywords":["cutouts","entrevista","jonny greenwood","the smile"],"articleSection":["Jonny Greenwood","The Smile"],"inLanguage":"es"},{"@type":["WebPage","ItemPage"],"@id":"https:\/\/www.exitmusic.com.ar\/news\/prensatraducciones\/jonny-greenwood-cutouts-delay\/","url":"https:\/\/www.exitmusic.com.ar\/news\/prensatraducciones\/jonny-greenwood-cutouts-delay\/","name":"Jonny Greenwood y su amor por el delay &#8211; ExitMusicAr | Radiohead Argentina - \u00faltimas noticias","isPartOf":{"@id":"https:\/\/www.exitmusic.com.ar\/news\/#website"},"primaryImageOfPage":{"@id":"https:\/\/www.exitmusic.com.ar\/news\/prensatraducciones\/jonny-greenwood-cutouts-delay\/#primaryimage"},"image":{"@id":"https:\/\/www.exitmusic.com.ar\/news\/prensatraducciones\/jonny-greenwood-cutouts-delay\/#primaryimage"},"thumbnailUrl":"https:\/\/www.exitmusic.com.ar\/news\/wp-content\/uploads\/2024\/10\/The-Smile_Max_VxHxFl3KSa_credit-ShinKatan-x-Weirdcore-696x522-1.jpg","datePublished":"2024-10-11T18:33:06+00:00","dateModified":"2024-12-05T19:41:31+00:00","description":"NME entrevist\u00f3 a Jonny Greenwood sobre el nuevo \u00e1lbum de The Smile (Cutouts) y sobre los planes futuros personales y de Radiohead","breadcrumb":{"@id":"https:\/\/www.exitmusic.com.ar\/news\/prensatraducciones\/jonny-greenwood-cutouts-delay\/#breadcrumb"},"inLanguage":"es","potentialAction":[{"@type":"ReadAction","target":["https:\/\/www.exitmusic.com.ar\/news\/prensatraducciones\/jonny-greenwood-cutouts-delay\/"]}]},{"@type":"ImageObject","inLanguage":"es","@id":"https:\/\/www.exitmusic.com.ar\/news\/prensatraducciones\/jonny-greenwood-cutouts-delay\/#primaryimage","url":"https:\/\/www.exitmusic.com.ar\/news\/wp-content\/uploads\/2024\/10\/The-Smile_Max_VxHxFl3KSa_credit-ShinKatan-x-Weirdcore-696x522-1.jpg","contentUrl":"https:\/\/www.exitmusic.com.ar\/news\/wp-content\/uploads\/2024\/10\/The-Smile_Max_VxHxFl3KSa_credit-ShinKatan-x-Weirdcore-696x522-1.jpg","width":696,"height":522},{"@type":"BreadcrumbList","@id":"https:\/\/www.exitmusic.com.ar\/news\/prensatraducciones\/jonny-greenwood-cutouts-delay\/#breadcrumb","itemListElement":[{"@type":"ListItem","position":1,"name":"Inicio","item":"https:\/\/www.exitmusic.com.ar\/news\/"},{"@type":"ListItem","position":2,"name":"Prensa\/Traducciones","item":"https:\/\/www.exitmusic.com.ar\/news\/prensatraducciones\/"},{"@type":"ListItem","position":3,"name":"Jonny Greenwood y su amor por el delay"}]},{"@type":"WebSite","@id":"https:\/\/www.exitmusic.com.ar\/news\/#website","url":"https:\/\/www.exitmusic.com.ar\/news\/","name":"ExitMusicAr | Radiohead Argentina","description":"Noticias e informaci\u00f3n sobre Radiohead, EOB, Philip Selway, Jonny Greenwood, Thom Yorke, Atoms for Peace y The Smile","potentialAction":[{"@type":"SearchAction","target":{"@type":"EntryPoint","urlTemplate":"https:\/\/www.exitmusic.com.ar\/news\/?s={search_term_string}"},"query-input":{"@type":"PropertyValueSpecification","valueRequired":true,"valueName":"search_term_string"}}],"inLanguage":"es"},{"@type":"Person","@id":"https:\/\/www.exitmusic.com.ar\/news\/#\/schema\/person\/5b17484c1a134bd78759c85b056b2e9a","name":"britbomber","image":{"@type":"ImageObject","inLanguage":"es","@id":"https:\/\/secure.gravatar.com\/avatar\/7aa60245619700190832ac995e42108bfadba25baafc3bf5bb91e97db0e7a0bd?s=96&d=identicon&r=r","url":"https:\/\/secure.gravatar.com\/avatar\/7aa60245619700190832ac995e42108bfadba25baafc3bf5bb91e97db0e7a0bd?s=96&d=identicon&r=r","contentUrl":"https:\/\/secure.gravatar.com\/avatar\/7aa60245619700190832ac995e42108bfadba25baafc3bf5bb91e97db0e7a0bd?s=96&d=identicon&r=r","caption":"britbomber"}}]}},"amp_enabled":true,"_links":{"self":[{"href":"https:\/\/www.exitmusic.com.ar\/news\/wp-json\/wp\/v2\/pages\/19996","targetHints":{"allow":["GET"]}}],"collection":[{"href":"https:\/\/www.exitmusic.com.ar\/news\/wp-json\/wp\/v2\/pages"}],"about":[{"href":"https:\/\/www.exitmusic.com.ar\/news\/wp-json\/wp\/v2\/types\/page"}],"author":[{"embeddable":true,"href":"https:\/\/www.exitmusic.com.ar\/news\/wp-json\/wp\/v2\/users\/2"}],"replies":[{"embeddable":true,"href":"https:\/\/www.exitmusic.com.ar\/news\/wp-json\/wp\/v2\/comments?post=19996"}],"version-history":[{"count":0,"href":"https:\/\/www.exitmusic.com.ar\/news\/wp-json\/wp\/v2\/pages\/19996\/revisions"}],"up":[{"embeddable":true,"href":"https:\/\/www.exitmusic.com.ar\/news\/wp-json\/wp\/v2\/pages\/7671"}],"wp:featuredmedia":[{"embeddable":true,"href":"https:\/\/www.exitmusic.com.ar\/news\/wp-json\/wp\/v2\/media\/19998"}],"wp:attachment":[{"href":"https:\/\/www.exitmusic.com.ar\/news\/wp-json\/wp\/v2\/media?parent=19996"}],"wp:term":[{"taxonomy":"category","embeddable":true,"href":"https:\/\/www.exitmusic.com.ar\/news\/wp-json\/wp\/v2\/categories?post=19996"},{"taxonomy":"post_tag","embeddable":true,"href":"https:\/\/www.exitmusic.com.ar\/news\/wp-json\/wp\/v2\/tags?post=19996"}],"curies":[{"name":"wp","href":"https:\/\/api.w.org\/{rel}","templated":true}]}}