{"id":828,"date":"2007-11-19T13:54:34","date_gmt":"2007-11-19T16:54:34","guid":{"rendered":"http:\/\/www.exitmusic.com.ar\/news\/backup\/"},"modified":"2021-06-25T09:10:53","modified_gmt":"2021-06-25T12:10:53","slug":"backup","status":"publish","type":"page","link":"https:\/\/www.exitmusic.com.ar\/news\/prensatraducciones\/backup\/","title":{"rendered":"Backup"},"content":{"rendered":"<p>1997 pertenecer\u00e1 a un solo disco. No se necesita una computadora para sacar el c\u00e1lculo acertado de las encuestas de fin de a\u00f1o: <em>Ok Computer<\/em> fue el disco preferido de todas las publicaciones y sus lectores. Fue un\u00e1nime: todas las revistas, desde las que m\u00e1s circulan hasta las que nunca se encuentran, pusieron al tercer disco Radiohead en lo m\u00e1s alto. Los lectores de Q Magazine, incluso, tambi\u00e9n eligieron a <em>Ok Computer<\/em> como el mejor disco de todos los tiempos. John Aizlewood, uno de los pilares de la revista, atribuy\u00f3 el \u00e9xito a la calidad de disco: \u201cSiempre hubo un lugar para el pop inteligente. En ese sentido, Radiohead fue lo contrario de Oasis: mientras que los Gallagher apostaban a la simplicidad de las letras y la m\u00fasica, Thom Yorke y los suyos aportaban algo m\u00e1s sensible y menos machista. A todo el mundo le gustaba Radiohead y lo dec\u00eda abiertamente sin tener que justificarse\u201d.<\/p>\n\n\n\n<figure class=\"wp-block-image is-style-default\"><a href=\"http:\/\/www.exitmusic.com.ar\/news\/wp-content\/uploads\/2007\/11\/radiohead_2-custom.jpg\"><img decoding=\"async\" src=\"http:\/\/www.exitmusic.com.ar\/news\/wp-content\/uploads\/2007\/11\/radiohead_2-custom.jpg\" alt=\"Radiohead 2003Jason Evans\"\/><\/a><figcaption>(c) Jason Evans<\/figcaption><\/figure>\n\n\n\n<p><em>Ok Computer<\/em> fue, para algunos, \u201cdisco del a\u00f1o\u201d incluso antes de ser grabado. Lo cierto es que no le fue nada mal para ser un disco \u201cdif\u00edcil de asimilar\u201d (vale recordar que, por esas mismas razones, la prensa inglesa rechaz\u00f3 a <em>Homogenic<\/em>, el tercer disco de Bjork, en sus encuestas de fin de a\u00f1o). Era un \u00e1lbum al que uno deb\u00eda saber c\u00f3mo ingresar, mientras que para acceder a otros grandes discos de la \u00e9poca \u2013 como los de Oasis, Charlatans y Verve &#8211; bastaba con dejarse llevar y dejar de lado las exigencias.<br>Era un disco de influencias sospechosas \u2013 en su momento habl\u00f3 del rock espacial Pink Floyd y del rock progresivo de King Crimson -, totalmente inadaptado a una \u00e9poca de consumo vertiginoso.<br>Para Ed O&#8217;Brien, uno de los guitarristas del grupo, esa reputaci\u00f3n de disco extra\u00f1o y complicado no es ning\u00fan misterio: \u201cHubi\u00e9ramos podido hacer un disco incluso m\u00e1s perverso e inaccesible. Intentamos que, en principio, nos emocionara a nosotros mismos. Hay que decir que, antes de grabarlo, escuchamos a artistas muy distintos, desde Ennio Morricone hasta Dj Shadow. El p\u00fablico se sorprendi\u00f3 porque se trata de un verdadero \u00e1lbum, concebido y realizado como tal. La gente est\u00e1 perdiendo la costumbre de escuchar discos. Tambi\u00e9n pas\u00f3 que est\u00e1bamos aburrido de nuestro sonido: est\u00e1bamos algo cansado de las guitarras y de los pedales de distorsi\u00f3n, ya hab\u00edamos tenido bastante de eso en el disco anterior. Lo \u00fanico que nos habr\u00eda motivado para seguir pegados a determinado sonido hubiese sido el plano financiero: hubi\u00e9ramos vendido diez millones de discos en lugar de cuatro. Pero vivimos de manera confortable y no necesitamos m\u00e1s\u201d.<\/p>\n\n\n<div id=\"ads_page\">\n\t<!-- wpPageAd_1 -->\n\t<amp-ad width=\"100vw\" height=\"320\"\n\t\ttype=\"adsense\"\n     \tdata-ad-client=\"ca-pub-1186082079292141\"\n     \tdata-ad-slot=\"6678768770\"\n     \tdata-auto-format=\"rspv\"\n     \tdata-full-width=\"\">\n  \t<div overflow=\"\"><\/div>\n\t<\/amp-ad>\n\t<\/div>\n\n\n\n<p><br>S\u00f3lo NME le neg\u00f3 a <em>Ok Computer<\/em> el t\u00edtulo de disco del a\u00f1o en Inglaterra. En su lugar prefiri\u00f3 elegir a <em>Ladies and Gentlemen We Are Floating in Space<\/em>, de Spiritualized, cuyo lider, Jason Pierce, algunos d\u00edas despu\u00e9s de haber recibido el premio declar\u00f3: \u201cLa elecci\u00f3n habla m\u00e1s de New Musical Express que del disco en s\u00ed mismo\u201d. Por algo Radiohead nunca se postr\u00f3 ante la influencia de NME, ya que la publicaci\u00f3n siempre coquete\u00f3 con respecto a su reputaci\u00f3n y al lugar que ocupa. Johnny Dee, una de las estrellas de NME, dijo al respecto: \u201c<em>OK Computer<\/em> era el \u00fanico disco en el que cada tema ten\u00eda raz\u00f3n de ser. De repente pod\u00edamos volver a escuchar m\u00fasica seria. De hecho, cuando hubo que elegir el disco del a\u00f1o, est\u00e1bamos seguros de que ser\u00eda el primero. Pero de golpe, como para reafirmar la imagen del semanario, Radiohead se vio desplazado a un segundo lugar, a pesar de que todo el mundo hab\u00eda votado a <em>OK Computer<\/em>. La mayor\u00eda de los grupos vienen a comer de nuestras manos por quince minutos de gloria, pero Radiohead no juega nuestro juego. Todo lo que hacen, desde las campa\u00f1as publicitarias hasta los conciertos, es un mundo aparte. Thom Yorke es alguien complicado para NME\u201d.<br>En un a\u00f1o en el que se anunciaba con insistencia la muerte del rock \u2013 o, al menos, se lo ve\u00eda como victima de una enfermedad -, el apoyo masivo de Radiohead puede parecerse a la energ\u00eda desesperada que brota ante la \u00faltima oportunidad de desviar una trayectoria controlada. Para algunos, ya era muy tarde y esta unanimidad parec\u00eda ser uno de esos discursos entusiastas reservados a los muertos: algo as\u00ed como una medalla honorifica al rock, pero a t\u00edtulo p\u00f3stumo. Para otros, en cambio, ese consenso alrededor de <em>OK Computer<\/em> era, sin duda, una se\u00f1al de alarma que afirmaba que algo pronto iba a pasar. Q Magazine public\u00f3: \u201cHay una especie de cruzada para asegurar el \u00e9xito de Radiohead. Todos necesitamos a este grupo, tanto la prensa como el rock\u201d. Ed O&#8217;Brien mientras tanto, se lamentaba: \u201cNo nos consideramos como un grupo de rock. Nos sentimos m\u00e1s cerca de artistas como Portishead, Massive Attack, Tricky y PJ Harvey. No soporte ese fervor y ese costado evangelista que rodea a la idea de cruzada: Radiohead no tiene ninguna respuesta para dar\u201d.<br>Para algunos, sobre todo para los seguidores del principio, <em>OK Computer<\/em> recibi\u00f3 de manera retroactiva la medalla de <em>The Bends<\/em> (95). Pero eso tambi\u00e9n tuvo que ver con el hecho de que <em>OK Computer<\/em> resultaba m\u00e1s dif\u00edcil de asimilar. Frente a esas canciones laceradas y tortuosas, las malas lenguas dijeron: \u201cRadiohead hace rock progresivo\u201d. Pero no: es m\u00e1s bien el rock que hace progresos. El rock que, despu\u00e9s de a\u00f1os de figuras impuestas, descubrir\u00eda deseos furiosos de correr riesgos y moverse con mayor libertad. Carol Baxter, supervisora de Parlophone (la discogr\u00e1fica inglesa de Radiohead), explica: \u201cAl principio trataban a Radiohead con ligereza. El quiebre lleg\u00f3 con <em>The Bends<\/em>, aunque la alfombra roja fue finalmente desplegada frete a <em>OK Computer<\/em>. La prensa ya no pod\u00eda ignorar al grupo. De golpe, estall\u00f3 el \u00e9xito y el disco se convirti\u00f3 en un monstruo que crec\u00eda sin que nadie pudiera detenerlo: cada semana la banda recib\u00eda un disco de oro nuevo\u201d.<br>Esa satisfacci\u00f3n, para bien o para mal, fue reivindicada por el grupo en sus inicios. Basta revisar, si no, una de las primeras entrevistas que dio Thom Yorke, publicada por la revista Curfew a principios de los noventa, no mucho antes de la edici\u00f3n de <em>Pablo Honey<\/em> (93), el \u00e1lbum debut de la banda. \u201cLa gente dice que tomo mi m\u00fasica con demasiada seriedad, pero \u00e9sa es la \u00fanica manera de llegar a alg\u00fan lado. No nos vamos a quedar esperando. Soy muy ambicioso.\u201d Nada de todo lo que pas\u00f3 luego pod\u00eda percibirse en Pablo Honey. Ed O&#8217;Brien ironiza al respecto: \u201cNuestro primer disco no nos dio nada, pero nos ense\u00f1\u00f3 a no tener en cuenta la opini\u00f3n de la prensa. \u00bfC\u00f3mo hubi\u00e9ramos reaccionado, si no, ante la cr\u00edtica que sacaron en Les Inrockuptibles, donde dec\u00edan que segu\u00edamos los pasos de los Pixies, excepto que ellos calzaban diez n\u00fameros m\u00e1s que nosotros? Por suerte algunas personas creyeron en nosotros a pesar de ese disco esquizofr\u00e9nico\u201d.<br>Para terminar, llega la palabra del director art\u00edstico de Parlophone, Keith Wozencroft: \u201cCre\u00ed en ellos de inmediato, en su universo y su creatividad. Pero tuve que luchar para compartir mi entusiasmo: Para mucha gente era inaccesibles. Les di tiempo y espacio para desarrollarse, pero nunca pens\u00e9 que llegar\u00edan hasta ac\u00e1, no entiendo por qu\u00e9 venden tantos discos, sobre todo de <em>OK Computer<\/em>. Ellos tampoco lo entienden, adem\u00e1s no lo deseaban: Estaban demasiado preocupados por preservar su anonimato y su libertad. Podr\u00edamos aprovechar el \u00e9xito y exprimir al grupo como a un lim\u00f3n, pero tenemos toda la vida por delante: <em>OK Computer<\/em> se vender\u00e1 durante m\u00e1s de veinte a\u00f1os\u201d.<\/p>\n\n\n\n<p>Texto original por JD Beauvallet. <br>Publicado por Inrockuptibles Argentina, Noviembre 2007.<\/p>","protected":false},"excerpt":{"rendered":"<p>1997 pertenecer\u00e1 a un solo disco. No se necesita una computadora para sacar el c\u00e1lculo acertado de las encuestas de fin de a\u00f1o: Ok Computer fue el disco preferido de todas las publicaciones y sus&hellip; <a href=\"https:\/\/www.exitmusic.com.ar\/news\/prensatraducciones\/backup\/\" class=\"morelink\"> m\u00e1s \u00bb<\/a><\/p>","protected":false},"author":2,"featured_media":15135,"parent":7671,"menu_order":0,"comment_status":"open","ping_status":"open","template":"","meta":{"footnotes":""},"categories":[1],"tags":[430,63,1268],"class_list":["post-828","page","type-page","status-publish","has-post-thumbnail","hentry","category-noticias","tag-aniversario","tag-ok-computer","tag-resena"],"yoast_head":"<!-- This site is optimized with the Yoast SEO plugin v27.4 - https:\/\/yoast.com\/product\/yoast-seo-wordpress\/ -->\n<title>Backup &#8211; ExitMusicAr | Radiohead Argentina - \u00faltimas noticias<\/title>\n<meta name=\"description\" content=\"Rese\u00f1a de OK Computer a los diez a\u00f1os de su lanzamiento, publicada en la edici\u00f3n de Noviembre de 2007 de Inrockuptibles Argentina\" \/>\n<meta name=\"robots\" content=\"index, follow, max-snippet:-1, max-image-preview:large, max-video-preview:-1\" \/>\n<link rel=\"canonical\" href=\"https:\/\/www.exitmusic.com.ar\/news\/prensatraducciones\/backup\/\" \/>\n<meta property=\"og:locale\" content=\"es_ES\" \/>\n<meta property=\"og:type\" content=\"article\" \/>\n<meta property=\"og:title\" content=\"Backup &#8211; ExitMusicAr | Radiohead Argentina - \u00faltimas noticias\" \/>\n<meta property=\"og:description\" content=\"Rese\u00f1a de OK Computer a los diez a\u00f1os de su lanzamiento, publicada en la edici\u00f3n de Noviembre de 2007 de Inrockuptibles Argentina\" \/>\n<meta property=\"og:url\" content=\"https:\/\/www.exitmusic.com.ar\/news\/prensatraducciones\/backup\/\" \/>\n<meta property=\"og:site_name\" content=\"ExitMusicAr | Radiohead Argentina - \u00faltimas noticias\" \/>\n<meta property=\"article:publisher\" content=\"https:\/\/www.facebook.com\/ExitMusicAr\" \/>\n<meta property=\"article:modified_time\" content=\"2021-06-25T12:10:53+00:00\" \/>\n<meta property=\"og:image\" content=\"https:\/\/www.exitmusic.com.ar\/news\/wp-content\/uploads\/2020\/06\/image0011.jpg\" \/>\n\t<meta property=\"og:image:width\" content=\"640\" \/>\n\t<meta property=\"og:image:height\" content=\"360\" \/>\n\t<meta property=\"og:image:type\" content=\"image\/jpeg\" \/>\n<meta name=\"twitter:card\" content=\"summary_large_image\" \/>\n<meta name=\"twitter:site\" content=\"@ExitMusicAr\" \/>\n<meta name=\"twitter:label1\" content=\"Tiempo de lectura\" \/>\n\t<meta name=\"twitter:data1\" content=\"6 minutos\" \/>\n<script type=\"application\/ld+json\" class=\"yoast-schema-graph\">{\"@context\":\"https:\\\/\\\/schema.org\",\"@graph\":[{\"@type\":\"NewsArticle\",\"@id\":\"https:\\\/\\\/www.exitmusic.com.ar\\\/news\\\/prensatraducciones\\\/backup\\\/#article\",\"isPartOf\":{\"@id\":\"https:\\\/\\\/www.exitmusic.com.ar\\\/news\\\/prensatraducciones\\\/backup\\\/\"},\"author\":{\"name\":\"britbomber\",\"@id\":\"https:\\\/\\\/www.exitmusic.com.ar\\\/news\\\/#\\\/schema\\\/person\\\/5b17484c1a134bd78759c85b056b2e9a\"},\"headline\":\"Backup\",\"datePublished\":\"2007-11-19T16:54:34+00:00\",\"dateModified\":\"2021-06-25T12:10:53+00:00\",\"mainEntityOfPage\":{\"@id\":\"https:\\\/\\\/www.exitmusic.com.ar\\\/news\\\/prensatraducciones\\\/backup\\\/\"},\"wordCount\":1348,\"commentCount\":0,\"image\":{\"@id\":\"https:\\\/\\\/www.exitmusic.com.ar\\\/news\\\/prensatraducciones\\\/backup\\\/#primaryimage\"},\"thumbnailUrl\":\"https:\\\/\\\/www.exitmusic.com.ar\\\/news\\\/wp-content\\\/uploads\\\/2020\\\/06\\\/image0011.jpg\",\"keywords\":[\"aniversario\",\"ok computer\",\"rese\u00f1a\"],\"articleSection\":[\"Noticias\"],\"inLanguage\":\"es\",\"potentialAction\":[{\"@type\":\"CommentAction\",\"name\":\"Comment\",\"target\":[\"https:\\\/\\\/www.exitmusic.com.ar\\\/news\\\/prensatraducciones\\\/backup\\\/#respond\"]}]},{\"@type\":[\"WebPage\",\"ItemPage\"],\"@id\":\"https:\\\/\\\/www.exitmusic.com.ar\\\/news\\\/prensatraducciones\\\/backup\\\/\",\"url\":\"https:\\\/\\\/www.exitmusic.com.ar\\\/news\\\/prensatraducciones\\\/backup\\\/\",\"name\":\"Backup &#8211; ExitMusicAr | Radiohead Argentina - \u00faltimas noticias\",\"isPartOf\":{\"@id\":\"https:\\\/\\\/www.exitmusic.com.ar\\\/news\\\/#website\"},\"primaryImageOfPage\":{\"@id\":\"https:\\\/\\\/www.exitmusic.com.ar\\\/news\\\/prensatraducciones\\\/backup\\\/#primaryimage\"},\"image\":{\"@id\":\"https:\\\/\\\/www.exitmusic.com.ar\\\/news\\\/prensatraducciones\\\/backup\\\/#primaryimage\"},\"thumbnailUrl\":\"https:\\\/\\\/www.exitmusic.com.ar\\\/news\\\/wp-content\\\/uploads\\\/2020\\\/06\\\/image0011.jpg\",\"datePublished\":\"2007-11-19T16:54:34+00:00\",\"dateModified\":\"2021-06-25T12:10:53+00:00\",\"description\":\"Rese\u00f1a de OK Computer a los diez a\u00f1os de su lanzamiento, publicada en la edici\u00f3n de Noviembre de 2007 de Inrockuptibles Argentina\",\"breadcrumb\":{\"@id\":\"https:\\\/\\\/www.exitmusic.com.ar\\\/news\\\/prensatraducciones\\\/backup\\\/#breadcrumb\"},\"inLanguage\":\"es\",\"potentialAction\":[{\"@type\":\"ReadAction\",\"target\":[\"https:\\\/\\\/www.exitmusic.com.ar\\\/news\\\/prensatraducciones\\\/backup\\\/\"]}]},{\"@type\":\"ImageObject\",\"inLanguage\":\"es\",\"@id\":\"https:\\\/\\\/www.exitmusic.com.ar\\\/news\\\/prensatraducciones\\\/backup\\\/#primaryimage\",\"url\":\"https:\\\/\\\/www.exitmusic.com.ar\\\/news\\\/wp-content\\\/uploads\\\/2020\\\/06\\\/image0011.jpg\",\"contentUrl\":\"https:\\\/\\\/www.exitmusic.com.ar\\\/news\\\/wp-content\\\/uploads\\\/2020\\\/06\\\/image0011.jpg\",\"width\":640,\"height\":360,\"caption\":\"(c) Jason Evans\"},{\"@type\":\"BreadcrumbList\",\"@id\":\"https:\\\/\\\/www.exitmusic.com.ar\\\/news\\\/prensatraducciones\\\/backup\\\/#breadcrumb\",\"itemListElement\":[{\"@type\":\"ListItem\",\"position\":1,\"name\":\"Inicio\",\"item\":\"https:\\\/\\\/www.exitmusic.com.ar\\\/news\\\/\"},{\"@type\":\"ListItem\",\"position\":2,\"name\":\"Prensa\\\/Traducciones\",\"item\":\"https:\\\/\\\/www.exitmusic.com.ar\\\/news\\\/prensatraducciones\\\/\"},{\"@type\":\"ListItem\",\"position\":3,\"name\":\"Backup\"}]},{\"@type\":\"WebSite\",\"@id\":\"https:\\\/\\\/www.exitmusic.com.ar\\\/news\\\/#website\",\"url\":\"https:\\\/\\\/www.exitmusic.com.ar\\\/news\\\/\",\"name\":\"ExitMusicAr | Radiohead Argentina\",\"description\":\"Noticias e informaci\u00f3n sobre Radiohead, EOB, Philip Selway, Jonny Greenwood, Thom Yorke, Atoms for Peace y The Smile\",\"potentialAction\":[{\"@type\":\"SearchAction\",\"target\":{\"@type\":\"EntryPoint\",\"urlTemplate\":\"https:\\\/\\\/www.exitmusic.com.ar\\\/news\\\/?s={search_term_string}\"},\"query-input\":{\"@type\":\"PropertyValueSpecification\",\"valueRequired\":true,\"valueName\":\"search_term_string\"}}],\"inLanguage\":\"es\"},{\"@type\":\"Person\",\"@id\":\"https:\\\/\\\/www.exitmusic.com.ar\\\/news\\\/#\\\/schema\\\/person\\\/5b17484c1a134bd78759c85b056b2e9a\",\"name\":\"britbomber\",\"image\":{\"@type\":\"ImageObject\",\"inLanguage\":\"es\",\"@id\":\"https:\\\/\\\/secure.gravatar.com\\\/avatar\\\/7aa60245619700190832ac995e42108bfadba25baafc3bf5bb91e97db0e7a0bd?s=96&d=identicon&r=r\",\"url\":\"https:\\\/\\\/secure.gravatar.com\\\/avatar\\\/7aa60245619700190832ac995e42108bfadba25baafc3bf5bb91e97db0e7a0bd?s=96&d=identicon&r=r\",\"contentUrl\":\"https:\\\/\\\/secure.gravatar.com\\\/avatar\\\/7aa60245619700190832ac995e42108bfadba25baafc3bf5bb91e97db0e7a0bd?s=96&d=identicon&r=r\",\"caption\":\"britbomber\"}}]}<\/script>\n<!-- \/ Yoast SEO plugin. -->","yoast_head_json":{"title":"Backup &#8211; ExitMusicAr | Radiohead Argentina - \u00faltimas noticias","description":"Rese\u00f1a de OK Computer a los diez a\u00f1os de su lanzamiento, publicada en la edici\u00f3n de Noviembre de 2007 de Inrockuptibles Argentina","robots":{"index":"index","follow":"follow","max-snippet":"max-snippet:-1","max-image-preview":"max-image-preview:large","max-video-preview":"max-video-preview:-1"},"canonical":"https:\/\/www.exitmusic.com.ar\/news\/prensatraducciones\/backup\/","og_locale":"es_ES","og_type":"article","og_title":"Backup &#8211; ExitMusicAr | Radiohead Argentina - \u00faltimas noticias","og_description":"Rese\u00f1a de OK Computer a los diez a\u00f1os de su lanzamiento, publicada en la edici\u00f3n de Noviembre de 2007 de Inrockuptibles Argentina","og_url":"https:\/\/www.exitmusic.com.ar\/news\/prensatraducciones\/backup\/","og_site_name":"ExitMusicAr | Radiohead Argentina - \u00faltimas noticias","article_publisher":"https:\/\/www.facebook.com\/ExitMusicAr","article_modified_time":"2021-06-25T12:10:53+00:00","og_image":[{"width":640,"height":360,"url":"https:\/\/www.exitmusic.com.ar\/news\/wp-content\/uploads\/2020\/06\/image0011.jpg","type":"image\/jpeg"}],"twitter_card":"summary_large_image","twitter_site":"@ExitMusicAr","twitter_misc":{"Tiempo de lectura":"6 minutos"},"schema":{"@context":"https:\/\/schema.org","@graph":[{"@type":"NewsArticle","@id":"https:\/\/www.exitmusic.com.ar\/news\/prensatraducciones\/backup\/#article","isPartOf":{"@id":"https:\/\/www.exitmusic.com.ar\/news\/prensatraducciones\/backup\/"},"author":{"name":"britbomber","@id":"https:\/\/www.exitmusic.com.ar\/news\/#\/schema\/person\/5b17484c1a134bd78759c85b056b2e9a"},"headline":"Backup","datePublished":"2007-11-19T16:54:34+00:00","dateModified":"2021-06-25T12:10:53+00:00","mainEntityOfPage":{"@id":"https:\/\/www.exitmusic.com.ar\/news\/prensatraducciones\/backup\/"},"wordCount":1348,"commentCount":0,"image":{"@id":"https:\/\/www.exitmusic.com.ar\/news\/prensatraducciones\/backup\/#primaryimage"},"thumbnailUrl":"https:\/\/www.exitmusic.com.ar\/news\/wp-content\/uploads\/2020\/06\/image0011.jpg","keywords":["aniversario","ok computer","rese\u00f1a"],"articleSection":["Noticias"],"inLanguage":"es","potentialAction":[{"@type":"CommentAction","name":"Comment","target":["https:\/\/www.exitmusic.com.ar\/news\/prensatraducciones\/backup\/#respond"]}]},{"@type":["WebPage","ItemPage"],"@id":"https:\/\/www.exitmusic.com.ar\/news\/prensatraducciones\/backup\/","url":"https:\/\/www.exitmusic.com.ar\/news\/prensatraducciones\/backup\/","name":"Backup &#8211; ExitMusicAr | Radiohead Argentina - \u00faltimas noticias","isPartOf":{"@id":"https:\/\/www.exitmusic.com.ar\/news\/#website"},"primaryImageOfPage":{"@id":"https:\/\/www.exitmusic.com.ar\/news\/prensatraducciones\/backup\/#primaryimage"},"image":{"@id":"https:\/\/www.exitmusic.com.ar\/news\/prensatraducciones\/backup\/#primaryimage"},"thumbnailUrl":"https:\/\/www.exitmusic.com.ar\/news\/wp-content\/uploads\/2020\/06\/image0011.jpg","datePublished":"2007-11-19T16:54:34+00:00","dateModified":"2021-06-25T12:10:53+00:00","description":"Rese\u00f1a de OK Computer a los diez a\u00f1os de su lanzamiento, publicada en la edici\u00f3n de Noviembre de 2007 de Inrockuptibles Argentina","breadcrumb":{"@id":"https:\/\/www.exitmusic.com.ar\/news\/prensatraducciones\/backup\/#breadcrumb"},"inLanguage":"es","potentialAction":[{"@type":"ReadAction","target":["https:\/\/www.exitmusic.com.ar\/news\/prensatraducciones\/backup\/"]}]},{"@type":"ImageObject","inLanguage":"es","@id":"https:\/\/www.exitmusic.com.ar\/news\/prensatraducciones\/backup\/#primaryimage","url":"https:\/\/www.exitmusic.com.ar\/news\/wp-content\/uploads\/2020\/06\/image0011.jpg","contentUrl":"https:\/\/www.exitmusic.com.ar\/news\/wp-content\/uploads\/2020\/06\/image0011.jpg","width":640,"height":360,"caption":"(c) Jason Evans"},{"@type":"BreadcrumbList","@id":"https:\/\/www.exitmusic.com.ar\/news\/prensatraducciones\/backup\/#breadcrumb","itemListElement":[{"@type":"ListItem","position":1,"name":"Inicio","item":"https:\/\/www.exitmusic.com.ar\/news\/"},{"@type":"ListItem","position":2,"name":"Prensa\/Traducciones","item":"https:\/\/www.exitmusic.com.ar\/news\/prensatraducciones\/"},{"@type":"ListItem","position":3,"name":"Backup"}]},{"@type":"WebSite","@id":"https:\/\/www.exitmusic.com.ar\/news\/#website","url":"https:\/\/www.exitmusic.com.ar\/news\/","name":"ExitMusicAr | Radiohead Argentina","description":"Noticias e informaci\u00f3n sobre Radiohead, EOB, Philip Selway, Jonny Greenwood, Thom Yorke, Atoms for Peace y The Smile","potentialAction":[{"@type":"SearchAction","target":{"@type":"EntryPoint","urlTemplate":"https:\/\/www.exitmusic.com.ar\/news\/?s={search_term_string}"},"query-input":{"@type":"PropertyValueSpecification","valueRequired":true,"valueName":"search_term_string"}}],"inLanguage":"es"},{"@type":"Person","@id":"https:\/\/www.exitmusic.com.ar\/news\/#\/schema\/person\/5b17484c1a134bd78759c85b056b2e9a","name":"britbomber","image":{"@type":"ImageObject","inLanguage":"es","@id":"https:\/\/secure.gravatar.com\/avatar\/7aa60245619700190832ac995e42108bfadba25baafc3bf5bb91e97db0e7a0bd?s=96&d=identicon&r=r","url":"https:\/\/secure.gravatar.com\/avatar\/7aa60245619700190832ac995e42108bfadba25baafc3bf5bb91e97db0e7a0bd?s=96&d=identicon&r=r","contentUrl":"https:\/\/secure.gravatar.com\/avatar\/7aa60245619700190832ac995e42108bfadba25baafc3bf5bb91e97db0e7a0bd?s=96&d=identicon&r=r","caption":"britbomber"}}]}},"amp_enabled":true,"_links":{"self":[{"href":"https:\/\/www.exitmusic.com.ar\/news\/wp-json\/wp\/v2\/pages\/828","targetHints":{"allow":["GET"]}}],"collection":[{"href":"https:\/\/www.exitmusic.com.ar\/news\/wp-json\/wp\/v2\/pages"}],"about":[{"href":"https:\/\/www.exitmusic.com.ar\/news\/wp-json\/wp\/v2\/types\/page"}],"author":[{"embeddable":true,"href":"https:\/\/www.exitmusic.com.ar\/news\/wp-json\/wp\/v2\/users\/2"}],"replies":[{"embeddable":true,"href":"https:\/\/www.exitmusic.com.ar\/news\/wp-json\/wp\/v2\/comments?post=828"}],"version-history":[{"count":0,"href":"https:\/\/www.exitmusic.com.ar\/news\/wp-json\/wp\/v2\/pages\/828\/revisions"}],"up":[{"embeddable":true,"href":"https:\/\/www.exitmusic.com.ar\/news\/wp-json\/wp\/v2\/pages\/7671"}],"wp:featuredmedia":[{"embeddable":true,"href":"https:\/\/www.exitmusic.com.ar\/news\/wp-json\/wp\/v2\/media\/15135"}],"wp:attachment":[{"href":"https:\/\/www.exitmusic.com.ar\/news\/wp-json\/wp\/v2\/media?parent=828"}],"wp:term":[{"taxonomy":"category","embeddable":true,"href":"https:\/\/www.exitmusic.com.ar\/news\/wp-json\/wp\/v2\/categories?post=828"},{"taxonomy":"post_tag","embeddable":true,"href":"https:\/\/www.exitmusic.com.ar\/news\/wp-json\/wp\/v2\/tags?post=828"}],"curies":[{"name":"wp","href":"https:\/\/api.w.org\/{rel}","templated":true}]}}